CRAN Package Check Results for Package TFX

Last updated on 2021-04-15 09:50:18 CEST.

Flavor Version Tinstall Tcheck Ttotal Status Flags
r-devel-linux-x86_64-debian-clang 0.1.0 2.59 29.69 32.28 NOTE
r-devel-linux-x86_64-debian-gcc 0.1.0 2.23 23.31 25.54 NOTE
r-devel-linux-x86_64-fedora-clang 0.1.0 48.75 NOTE
r-devel-linux-x86_64-fedora-gcc 0.1.0 38.47 NOTE
r-devel-windows-ix86+x86_64 0.1.0 6.00 48.00 54.00 NOTE
r-devel-windows-x86_64-gcc10-UCRT 0.1.0 NOTE
r-patched-linux-x86_64 0.1.0 2.72 28.43 31.15 NOTE
r-patched-solaris-x86 0.1.0 63.80 NOTE
r-release-linux-x86_64 0.1.0 2.45 28.33 30.78 NOTE
r-release-macos-x86_64 0.1.0 NOTE
r-release-windows-ix86+x86_64 0.1.0 5.00 53.00 58.00 NOTE
r-oldrel-macos-x86_64 0.1.0 NOTE
r-oldrel-windows-ix86+x86_64 0.1.0 4.00 36.00 40.00 NOTE

Check Details

Version: 0.1.0
Check: R code for possible problems
Result: NOTE
    ParseTrueFX: no visible global function definition for 'read.csv'
    TrueFXRef: no visible global function definition for 'download.file'
    TrueFXRef: no visible global function definition for 'browseURL'
    Undefined global functions or variables:
     browseURL download.file read.csv
    Consider adding
     importFrom("utils", "browseURL", "download.file", "read.csv")
    to your NAMESPACE file.
Flavors: r-devel-linux-x86_64-debian-clang, r-devel-linux-x86_64-debian-gcc, r-devel-linux-x86_64-fedora-clang, r-devel-linux-x86_64-fedora-gcc, r-devel-windows-ix86+x86_64, r-devel-windows-x86_64-gcc10-UCRT, r-patched-linux-x86_64, r-patched-solaris-x86, r-release-linux-x86_64, r-release-macos-x86_64, r-release-windows-ix86+x86_64, r-oldrel-macos-x86_64, r-oldrel-windows-ix86+x86_64