CRAN Package Check Results for Package TDA

Last updated on 2021-04-15 09:50:18 CEST.

Flavor Version Tinstall Tcheck Ttotal Status Flags
r-devel-linux-x86_64-debian-clang 1.7.7 120.02 95.81 215.83 OK
r-devel-linux-x86_64-debian-gcc 1.7.7 98.90 73.99 172.89 OK
r-devel-linux-x86_64-fedora-clang 1.7.7 301.32 NOTE
r-devel-linux-x86_64-fedora-gcc 1.7.7 299.89 NOTE
r-devel-windows-ix86+x86_64 1.7.7 242.00 191.00 433.00 NOTE
r-devel-windows-x86_64-gcc10-UCRT 1.7.7 NOTE
r-patched-linux-x86_64 1.7.7 114.58 93.69 208.27 OK
r-patched-solaris-x86 1.7.7 295.00 NOTE
r-release-linux-x86_64 1.7.7 111.84 93.57 205.41 OK
r-release-macos-x86_64 1.7.7 NOTE
r-release-windows-ix86+x86_64 1.7.7 251.00 196.00 447.00 NOTE
r-oldrel-macos-x86_64 1.7.7 NOTE
r-oldrel-windows-ix86+x86_64 1.7.7 222.00 131.00 353.00 NOTE

Additional issues

clang-UBSAN

Check Details

Version: 1.7.7
Check: installed package size
Result: NOTE
     installed size is 32.8Mb
     sub-directories of 1Mb or more:
     doc 1.5Mb
     libs 31.0Mb
Flavors: r-devel-linux-x86_64-fedora-clang, r-devel-windows-ix86+x86_64, r-release-macos-x86_64, r-release-windows-ix86+x86_64, r-oldrel-macos-x86_64, r-oldrel-windows-ix86+x86_64

Version: 1.7.7
Check: dependencies in R code
Result: NOTE
    Namespace in Imports field not imported from: ‘scales’
     All declared Imports should be used.
Flavors: r-devel-linux-x86_64-fedora-clang, r-devel-linux-x86_64-fedora-gcc, r-devel-windows-x86_64-gcc10-UCRT, r-patched-solaris-x86, r-release-macos-x86_64, r-oldrel-macos-x86_64