CRAN Package Check Results for Package TBRDist

Last updated on 2021-04-15 09:50:18 CEST.

Flavor Version Tinstall Tcheck Ttotal Status Flags
r-devel-linux-x86_64-debian-clang 1.0.2 45.17 115.01 160.18 NOTE
r-devel-linux-x86_64-debian-gcc 1.0.2 35.19 90.15 125.34 NOTE
r-devel-linux-x86_64-fedora-clang 1.0.2 136.39 NOTE
r-devel-linux-x86_64-fedora-gcc 1.0.2 204.34 NOTE
r-devel-windows-ix86+x86_64 1.0.2 116.00 232.00 348.00 NOTE
r-devel-windows-x86_64-gcc10-UCRT 1.0.2 NOTE
r-patched-linux-x86_64 1.0.2 42.66 112.67 155.33 OK
r-patched-solaris-x86 1.0.2 307.50 OK
r-release-linux-x86_64 1.0.2 42.78 111.87 154.65 OK
r-release-macos-x86_64 1.0.2 NOTE
r-release-windows-ix86+x86_64 1.0.2 113.00 242.00 355.00 OK
r-oldrel-macos-x86_64 1.0.2 NOTE
r-oldrel-windows-ix86+x86_64 1.0.2 96.00 154.00 250.00 OK

Check Details

Version: 1.0.2
Check: LazyData
Result: NOTE
     'LazyData' is specified without a 'data' directory
Flavors: r-devel-linux-x86_64-debian-clang, r-devel-linux-x86_64-debian-gcc, r-devel-linux-x86_64-fedora-clang, r-devel-linux-x86_64-fedora-gcc, r-devel-windows-ix86+x86_64, r-devel-windows-x86_64-gcc10-UCRT

Version: 1.0.2
Check: installed package size
Result: NOTE
     installed size is 5.2Mb
     sub-directories of 1Mb or more:
     libs 5.1Mb
Flavors: r-devel-linux-x86_64-fedora-clang, r-release-macos-x86_64, r-oldrel-macos-x86_64