CRAN Package Check Results for Package T4cluster

Last updated on 2021-06-22 09:51:56 CEST.

Flavor Version Tinstall Tcheck Ttotal Status Flags
r-devel-linux-x86_64-debian-clang 0.1.1 141.69 179.43 321.12 OK
r-devel-linux-x86_64-debian-gcc 0.1.1 95.04 133.35 228.39 OK
r-devel-linux-x86_64-fedora-clang 0.1.1 534.51 NOTE
r-devel-linux-x86_64-fedora-gcc 0.1.1 497.31 OK
r-devel-windows-x86_64 0.1.1 260.00 211.00 471.00 OK
r-devel-windows-x86_64-gcc10-UCRT 0.1.1 OK
r-patched-linux-x86_64 0.1.1 110.34 169.89 280.23 OK
r-patched-solaris-x86 0.1.1 450.40 OK
r-release-linux-x86_64 0.1.1 108.49 168.84 277.33 OK
r-release-macos-arm64 0.1.1 NOTE
r-release-macos-x86_64 0.1.1 NOTE
r-release-windows-ix86+x86_64 0.1.1 488.00 290.00 778.00 OK
r-oldrel-macos-x86_64 0.1.1 NOTE

Check Details

Version: 0.1.1
Check: installed package size
Result: NOTE
     installed size is 12.1Mb
     sub-directories of 1Mb or more:
     libs 11.6Mb
Flavors: r-devel-linux-x86_64-fedora-clang, r-release-macos-arm64, r-release-macos-x86_64, r-oldrel-macos-x86_64

Version: 0.1.1
Check: Rd cross-references
Result: NOTE
    Undeclared package ‘mlbench’ in Rd xrefs
Flavor: r-devel-linux-x86_64-fedora-clang