CRAN Package Check Results for Package SubTite

Last updated on 2021-06-22 09:51:55 CEST.

Flavor Version Tinstall Tcheck Ttotal Status Flags
r-devel-linux-x86_64-debian-clang 4.0.1 46.13 40.46 86.59 OK
r-devel-linux-x86_64-debian-gcc 4.0.1 34.07 30.48 64.55 OK
r-devel-linux-x86_64-fedora-clang 4.0.1 131.48 OK
r-devel-linux-x86_64-fedora-gcc 4.0.1 114.10 OK
r-devel-windows-x86_64 4.0.1 60.00 66.00 126.00 OK
r-devel-windows-x86_64-gcc10-UCRT 4.0.1 OK
r-patched-linux-x86_64 4.0.1 40.43 39.77 80.20 OK
r-patched-solaris-x86 4.0.1 139.80 OK
r-release-linux-x86_64 4.0.1 37.76 39.58 77.34 OK
r-release-macos-arm64 4.0.1 NOTE
r-release-macos-x86_64 4.0.1 OK
r-release-windows-ix86+x86_64 4.0.1 116.00 69.00 185.00 OK
r-oldrel-macos-x86_64 4.0.1 OK

Check Details

Version: 4.0.1
Check: installed package size
Result: NOTE
     installed size is 5.2Mb
     sub-directories of 1Mb or more:
     libs 5.1Mb
Flavor: r-release-macos-arm64