CRAN Package Check Results for Package StempCens

Last updated on 2021-06-24 09:52:47 CEST.

Flavor Version Tinstall Tcheck Ttotal Status Flags
r-devel-linux-x86_64-debian-clang 1.1.0 50.64 106.70 157.34 OK
r-devel-linux-x86_64-debian-gcc 1.1.0 36.34 80.55 116.89 OK
r-devel-linux-x86_64-fedora-clang 1.1.0 204.79 OK
r-devel-linux-x86_64-fedora-gcc 1.1.0 192.11 OK
r-devel-windows-x86_64 1.1.0 66.00 132.00 198.00 OK
r-devel-windows-x86_64-gcc10-UCRT 1.1.0 OK
r-patched-linux-x86_64 1.1.0 41.03 99.82 140.85 OK
r-patched-solaris-x86 1.1.0 239.10 OK
r-release-linux-x86_64 1.1.0 47.52 99.79 147.31 OK
r-release-macos-arm64 1.1.0 NOTE
r-release-macos-x86_64 1.1.0 OK
r-release-windows-ix86+x86_64 1.1.0 84.00 134.00 218.00 OK
r-oldrel-macos-x86_64 1.1.0 OK

Check Details

Version: 1.1.0
Check: installed package size
Result: NOTE
     installed size is 5.1Mb
     sub-directories of 1Mb or more:
     libs 4.9Mb
Flavor: r-release-macos-arm64