CRAN Package Check Results for Package StMoSim

Last updated on 2021-06-22 09:51:55 CEST.

Flavor Version Tinstall Tcheck Ttotal Status Flags
r-devel-linux-x86_64-debian-clang 3.1.1 21.64 27.62 49.26 NOTE
r-devel-linux-x86_64-debian-gcc 3.1.1 14.26 21.80 36.06 NOTE
r-devel-linux-x86_64-fedora-clang 3.1.1 75.77 NOTE
r-devel-linux-x86_64-fedora-gcc 3.1.1 59.68 NOTE
r-devel-windows-x86_64 3.1.1 29.00 53.00 82.00 NOTE
r-devel-windows-x86_64-gcc10-UCRT 3.1.1 NOTE
r-patched-linux-x86_64 3.1.1 15.12 26.99 42.11 NOTE
r-patched-solaris-x86 3.1.1 76.20 NOTE
r-release-linux-x86_64 3.1.1 15.92 26.79 42.71 NOTE
r-release-macos-arm64 3.1.1 NOTE
r-release-macos-x86_64 3.1.1 NOTE
r-release-windows-ix86+x86_64 3.1.1 57.00 71.00 128.00 NOTE
r-oldrel-macos-x86_64 3.1.1 NOTE

Check Details

Version: 3.1.1
Check: for GNU extensions in Makefiles
Result: NOTE
    GNU make is a SystemRequirements.
Flavors: r-devel-linux-x86_64-debian-clang, r-devel-linux-x86_64-debian-gcc, r-devel-linux-x86_64-fedora-clang, r-devel-linux-x86_64-fedora-gcc, r-devel-windows-x86_64, r-devel-windows-x86_64-gcc10-UCRT, r-patched-linux-x86_64, r-patched-solaris-x86, r-release-linux-x86_64, r-release-macos-arm64, r-release-macos-x86_64, r-release-windows-ix86+x86_64, r-oldrel-macos-x86_64