CRAN Package Check Results for Package SpatialTools

Last updated on 2021-06-16 09:53:39 CEST.

Flavor Version Tinstall Tcheck Ttotal Status Flags
r-devel-linux-x86_64-debian-clang 1.0.4 98.45 73.85 172.30 OK
r-devel-linux-x86_64-debian-gcc 1.0.4 67.94 56.30 124.24 OK
r-devel-linux-x86_64-fedora-clang 1.0.4 239.26 NOTE
r-devel-linux-x86_64-fedora-gcc 1.0.4 225.96 OK
r-devel-windows-x86_64 1.0.4 120.00 104.00 224.00 OK
r-devel-windows-x86_64-gcc10-UCRT 1.0.4 OK
r-patched-linux-x86_64 1.0.4 79.68 70.06 149.74 OK
r-patched-solaris-x86 1.0.4 235.30 OK
r-release-linux-x86_64 1.0.4 82.93 70.50 153.43 OK
r-release-macos-arm64 1.0.4 NOTE
r-release-macos-x86_64 1.0.4 NOTE
r-release-windows-ix86+x86_64 1.0.4 222.00 101.00 323.00 OK
r-oldrel-macos-x86_64 1.0.4 NOTE
r-oldrel-windows-ix86+x86_64 1.0.4 166.00 145.00 311.00 OK

Check Details

Version: 1.0.4
Check: installed package size
Result: NOTE
     installed size is 5.6Mb
     sub-directories of 1Mb or more:
     libs 5.3Mb
Flavors: r-devel-linux-x86_64-fedora-clang, r-release-macos-arm64, r-release-macos-x86_64, r-oldrel-macos-x86_64