CRAN Package Check Results for Package SpatialKDE

Last updated on 2020-03-30 20:48:43 CEST.

Flavor Version Tinstall Tcheck Ttotal Status Flags
r-devel-linux-x86_64-debian-clang 0.5.0 27.62 111.59 139.21 OK
r-devel-linux-x86_64-debian-gcc 0.5.0 18.44 82.24 100.68 OK
r-devel-linux-x86_64-fedora-clang 0.5.0 172.58 ERROR
r-devel-linux-x86_64-fedora-gcc 0.5.0 158.96 OK
r-devel-windows-ix86+x86_64 0.5.0 51.00 152.00 203.00 OK
r-devel-windows-ix86+x86_64-gcc8 0.5.0 49.00 155.00 204.00 OK
r-patched-linux-x86_64 0.5.0 22.48 103.72 126.20 OK
r-patched-solaris-x86 ERROR
r-release-linux-x86_64 0.5.0 21.68 94.77 116.45 OK
r-release-windows-ix86+x86_64 0.5.0 80.00 206.00 286.00 OK
r-release-osx-x86_64 0.5.0 OK
r-oldrel-windows-ix86+x86_64 0.5.0 55.00 192.00 247.00 OK
r-oldrel-osx-x86_64 0.5.0 OK

Check Details

Version: 0.5.0
Check: tests
Result: ERROR
     Running ‘testthat.R’ [8s/13s]
    Running the tests in ‘tests/testthat.R’ failed.
    Complete output:
     > library(testthat)
     > library(SpatialKDE)
     >
     > test_check("SpatialKDE")
     ── 1. Error: (unknown) (@test-kde.R#29) ───────────────────────────────────────
     package 'rgdal' is not available
     Backtrace:
     1. base::suppressWarnings(...)
     3. raster::projectRaster(test_raster, crs = "+proj=longlat +ellps=WGS84 +datum=WGS84 +no_defs")
     4. raster:::.requireRgdal()
    
     ══ testthat results ═══════════════════════════════════════════════════════════
     [ OK: 14 | SKIPPED: 0 | WARNINGS: 0 | FAILED: 1 ]
     1. Error: (unknown) (@test-kde.R#29)
    
     Error: testthat unit tests failed
     Execution halted
Flavor: r-devel-linux-x86_64-fedora-clang

Version: 0.5.0
Check: tests
Result: ERROR
     Running ‘testthat.R’ [12s/12s]
    Running the tests in ‘tests/testthat.R’ failed.
    Complete output:
     > library(testthat)
     > library(SpatialKDE)
     >
     > test_check("SpatialKDE")
     ── 1. Error: (unknown) (@test-kde.R#29) ───────────────────────────────────────
     package 'rgdal' is not available
     Backtrace:
     1. base::suppressWarnings(...)
     3. raster::projectRaster(test_raster, crs = "+proj=longlat +ellps=WGS84 +datum=WGS84 +no_defs")
     4. raster:::.requireRgdal()
    
     ══ testthat results ═══════════════════════════════════════════════════════════
     [ OK: 14 | SKIPPED: 0 | WARNINGS: 0 | FAILED: 1 ]
     1. Error: (unknown) (@test-kde.R#29)
    
     Error: testthat unit tests failed
     Execution halted
Flavor: r-patched-solaris-x86