CRAN Package Check Results for Package SpatialEpiApp

Last updated on 2020-07-06 21:50:39 CEST.

Flavor Version Tinstall Tcheck Ttotal Status Flags
r-devel-linux-x86_64-debian-clang 0.3 2.53 21.33 23.86 NOTE
r-devel-linux-x86_64-debian-gcc 0.3 2.05 17.09 19.14 NOTE
r-devel-linux-x86_64-fedora-clang 0.3 38.16 NOTE
r-devel-linux-x86_64-fedora-gcc 0.3 28.68 NOTE
r-devel-windows-ix86+x86_64 0.3 21.00 50.00 71.00 OK
r-patched-linux-x86_64 0.3 2.71 21.78 24.49 NOTE
r-patched-solaris-x86 0.3 47.10 NOTE
r-release-linux-x86_64 0.3 2.20 21.52 23.72 NOTE
r-release-osx-x86_64 0.3 NOTE
r-release-windows-ix86+x86_64 0.3 10.00 37.00 47.00 OK
r-oldrel-osx-x86_64 0.3 NOTE
r-oldrel-windows-ix86+x86_64 0.3 18.00 46.00 64.00 OK

Check Details

Version: 0.3
Check: package dependencies
Result: NOTE
    Package suggested but not available for checking: 'INLA'
Flavors: r-devel-linux-x86_64-debian-clang, r-devel-linux-x86_64-debian-gcc, r-patched-linux-x86_64, r-patched-solaris-x86, r-release-linux-x86_64, r-release-osx-x86_64, r-oldrel-osx-x86_64

Version: 0.3
Check: dependencies in R code
Result: NOTE
    Namespaces in Imports field not imported from:
     ‘RColorBrewer’ ‘SpatialEpi’ ‘dplyr’ ‘dygraphs’ ‘ggplot2’
     ‘htmlwidgets’ ‘knitr’ ‘leaflet’ ‘mapproj’ ‘maptools’ ‘rgdal’ ‘rgeos’
     ‘rmarkdown’ ‘shinyjs’ ‘spdep’ ‘xts’
     All declared Imports should be used.
Flavors: r-devel-linux-x86_64-fedora-clang, r-devel-linux-x86_64-fedora-gcc, r-patched-solaris-x86, r-release-osx-x86_64, r-oldrel-osx-x86_64