CRAN Package Check Results for Package SparseTSCGM

Last updated on 2021-06-20 09:50:08 CEST.

Flavor Version Tinstall Tcheck Ttotal Status Flags
r-devel-linux-x86_64-debian-clang 4.0 11.51 93.98 105.49 OK
r-devel-linux-x86_64-debian-gcc 4.0 7.88 71.18 79.06 OK
r-devel-linux-x86_64-fedora-clang 4.0 142.99 NOTE
r-devel-linux-x86_64-fedora-gcc 4.0 118.74 NOTE
r-devel-windows-x86_64 4.0 20.00 117.00 137.00 OK
r-devel-windows-x86_64-gcc10-UCRT 4.0 OK
r-patched-linux-x86_64 4.0 12.97 88.17 101.14 OK
r-patched-solaris-x86 4.0 183.30 OK
r-release-linux-x86_64 4.0 10.10 87.84 97.94 OK
r-release-macos-arm64 4.0 OK
r-release-macos-x86_64 4.0 OK
r-release-windows-ix86+x86_64 4.0 23.00 113.00 136.00 OK
r-oldrel-macos-x86_64 4.0 OK
r-oldrel-windows-ix86+x86_64 4.0 17.00 119.00 136.00 OK

Check Details

Version: 4.0
Check: compiled code
Result: NOTE
    File ‘SparseTSCGM/libs/SparseTSCGM.so’:
     Found no calls to: ‘R_registerRoutines’, ‘R_useDynamicSymbols’
    
    It is good practice to register native routines and to disable symbol
    search.
    
    See ‘Writing portable packages’ in the ‘Writing R Extensions’ manual.
Flavors: r-devel-linux-x86_64-fedora-clang, r-devel-linux-x86_64-fedora-gcc