CRAN Package Check Results for Package SparseBiplots

Last updated on 2021-04-15 09:50:16 CEST.

Flavor Version Tinstall Tcheck Ttotal Status Flags
r-devel-linux-x86_64-debian-clang 4.0.0 8.90 88.08 96.98 NOTE
r-devel-linux-x86_64-debian-gcc 4.0.0 7.78 66.19 73.97 NOTE
r-devel-linux-x86_64-fedora-clang 4.0.0 124.37 NOTE
r-devel-linux-x86_64-fedora-gcc 4.0.0 111.51 NOTE
r-devel-windows-ix86+x86_64 4.0.0 23.00 111.00 134.00 NOTE
r-devel-windows-x86_64-gcc10-UCRT 4.0.0 NOTE
r-patched-linux-x86_64 4.0.0 8.84 80.81 89.65 OK
r-patched-solaris-x86 4.0.0 167.70 NOTE
r-release-linux-x86_64 4.0.0 8.04 81.15 89.19 OK
r-release-macos-x86_64 4.0.0 NOTE
r-release-windows-ix86+x86_64 4.0.0 25.00 112.00 137.00 OK
r-oldrel-macos-x86_64 4.0.0 NOTE
r-oldrel-windows-ix86+x86_64 4.0.0 14.00 69.00 83.00 OK

Check Details

Version: 4.0.0
Check: LazyData
Result: NOTE
     'LazyData' is specified without a 'data' directory
Flavors: r-devel-linux-x86_64-debian-clang, r-devel-linux-x86_64-debian-gcc, r-devel-linux-x86_64-fedora-clang, r-devel-linux-x86_64-fedora-gcc, r-devel-windows-ix86+x86_64, r-devel-windows-x86_64-gcc10-UCRT

Version: 4.0.0
Check: dependencies in R code
Result: NOTE
    Namespaces in Imports field not imported from:
     ‘gtable’ ‘rlang’ ‘testthat’
     All declared Imports should be used.
Flavors: r-devel-linux-x86_64-fedora-clang, r-devel-linux-x86_64-fedora-gcc, r-devel-windows-x86_64-gcc10-UCRT, r-patched-solaris-x86, r-release-macos-x86_64, r-oldrel-macos-x86_64