CRAN Package Check Results for Package SnowballC

Last updated on 2020-03-30 20:48:42 CEST.

Flavor Version Tinstall Tcheck Ttotal Status Flags
r-devel-linux-x86_64-debian-clang 0.6.0 7.74 20.05 27.79 OK
r-devel-linux-x86_64-debian-gcc 0.6.0 4.96 16.13 21.09 OK
r-devel-linux-x86_64-fedora-clang 0.6.0 34.24 NOTE
r-devel-linux-x86_64-fedora-gcc 0.6.0 32.41 NOTE
r-devel-windows-ix86+x86_64 0.6.0 31.00 55.00 86.00 OK
r-devel-windows-ix86+x86_64-gcc8 0.6.0 30.00 37.00 67.00 OK
r-patched-linux-x86_64 0.6.0 5.75 19.27 25.02 OK
r-patched-solaris-x86 0.6.0 84.10 OK
r-release-linux-x86_64 0.6.0 5.75 18.48 24.23 OK
r-release-windows-ix86+x86_64 0.6.0 29.00 50.00 79.00 OK
r-release-osx-x86_64 0.6.0 OK
r-oldrel-windows-ix86+x86_64 0.6.0 27.00 37.00 64.00 OK
r-oldrel-osx-x86_64 0.6.0 OK

Check Details

Version: 0.6.0
Check: compiled code
Result: NOTE
    File ‘SnowballC/libs/SnowballC.so’:
     Found no calls to: ‘R_registerRoutines’, ‘R_useDynamicSymbols’
    
    It is good practice to register native routines and to disable symbol
    search.
    
    See ‘Writing portable packages’ in the ‘Writing R Extensions’ manual.
Flavors: r-devel-linux-x86_64-fedora-clang, r-devel-linux-x86_64-fedora-gcc