CRAN Package Check Results for Package Sleuth3

Last updated on 2021-04-15 09:50:16 CEST.

Flavor Version Tinstall Tcheck Ttotal Status Flags
r-devel-linux-x86_64-debian-clang 1.0-3 5.66 286.53 292.19 OK
r-devel-linux-x86_64-debian-gcc 1.0-3 4.42 213.87 218.29 OK
r-devel-linux-x86_64-fedora-clang 1.0-3 352.29 NOTE
r-devel-linux-x86_64-fedora-gcc 1.0-3 343.54 OK
r-devel-windows-ix86+x86_64 1.0-3 11.00 484.00 495.00 NOTE
r-devel-windows-x86_64-gcc10-UCRT 1.0-3 OK
r-patched-linux-x86_64 1.0-3 5.40 278.01 283.41 OK
r-patched-solaris-x86 1.0-3 441.70 NOTE
r-release-linux-x86_64 1.0-3 4.79 278.97 283.76 OK
r-release-macos-x86_64 1.0-3 NOTE
r-release-windows-ix86+x86_64 1.0-3 9.00 467.00 476.00 NOTE
r-oldrel-macos-x86_64 1.0-3 NOTE
r-oldrel-windows-ix86+x86_64 1.0-3 11.00 326.00 337.00 NOTE

Check Details

Version: 1.0-3
Check: installed package size
Result: NOTE
     installed size is 5.1Mb
     sub-directories of 1Mb or more:
     doc 3.7Mb
Flavors: r-devel-linux-x86_64-fedora-clang, r-devel-windows-ix86+x86_64, r-patched-solaris-x86, r-release-macos-x86_64, r-release-windows-ix86+x86_64, r-oldrel-macos-x86_64, r-oldrel-windows-ix86+x86_64