CRAN Package Check Results for Package SitesInterest

Last updated on 2020-05-29 17:49:17 CEST.

Flavor Version Tinstall Tcheck Ttotal Status Flags
r-devel-linux-x86_64-debian-clang 1.0 5.47 45.21 50.68 WARN
r-devel-linux-x86_64-debian-gcc 1.0 4.39 33.81 38.20 OK
r-devel-linux-x86_64-fedora-clang 1.0 67.49 OK
r-devel-linux-x86_64-fedora-gcc 1.0 59.92 OK
r-devel-windows-ix86+x86_64 1.0 11.00 68.00 79.00 OK
r-patched-linux-x86_64 1.0 5.28 44.71 49.99 OK
r-patched-solaris-x86 1.0 78.20 OK
r-release-linux-x86_64 1.0 5.92 43.69 49.61 OK
r-release-osx-x86_64 1.0 OK
r-release-windows-ix86+x86_64 1.0 9.00 49.00 58.00 OK
r-oldrel-osx-x86_64 1.0 OK
r-oldrel-windows-ix86+x86_64 1.0 10.00 44.00 54.00 OK

Check Details

Version: 1.0
Check: whether package can be installed
Result: WARN
    Found the following significant warnings:
     Warning: S4 exports specified in 'NAMESPACE' but not defined in package 'SitesInterest'
Flavor: r-devel-linux-x86_64-debian-clang