CRAN Package Check Results for Package SimilaR

Last updated on 2021-04-15 09:50:16 CEST.

Flavor Version Tinstall Tcheck Ttotal Status Flags
r-devel-linux-x86_64-debian-clang 1.0.8 106.06 33.92 139.98 OK
r-devel-linux-x86_64-debian-gcc 1.0.8 75.40 26.66 102.06 OK
r-devel-linux-x86_64-fedora-clang 1.0.8 210.94 NOTE
r-devel-linux-x86_64-fedora-gcc 1.0.8 186.80 OK
r-devel-windows-ix86+x86_64 1.0.8 253.00 87.00 340.00 OK
r-devel-windows-x86_64-gcc10-UCRT 1.0.8 OK
r-patched-linux-x86_64 1.0.8 91.99 32.95 124.94 OK
r-patched-solaris-x86 1.0.8 172.60 OK
r-release-linux-x86_64 1.0.8 92.81 32.66 125.47 OK
r-release-macos-x86_64 1.0.8 NOTE
r-release-windows-ix86+x86_64 1.0.8 210.00 88.00 298.00 OK
r-oldrel-macos-x86_64 1.0.8 NOTE
r-oldrel-windows-ix86+x86_64 1.0.8 238.00 59.00 297.00 OK

Check Details

Version: 1.0.8
Check: installed package size
Result: NOTE
     installed size is 6.4Mb
     sub-directories of 1Mb or more:
     libs 6.2Mb
Flavors: r-devel-linux-x86_64-fedora-clang, r-release-macos-x86_64, r-oldrel-macos-x86_64