CRAN Package Check Results for Package SightabilityModel

Last updated on 2021-06-20 09:50:07 CEST.

Flavor Version Tinstall Tcheck Ttotal Status Flags
r-devel-linux-x86_64-debian-clang 1.4.1 10.57 309.66 320.23 OK
r-devel-linux-x86_64-debian-gcc 1.4.1 8.56 205.36 213.92 OK
r-devel-linux-x86_64-fedora-clang 1.4.1 365.33 OK
r-devel-linux-x86_64-fedora-gcc 1.4.1 365.72 OK
r-devel-windows-x86_64 1.4.1 16.00 336.00 352.00 OK
r-devel-windows-x86_64-gcc10-UCRT 1.4.1 NOTE
r-patched-linux-x86_64 1.4.1 10.45 284.28 294.73 OK
r-patched-solaris-x86 1.4.1 449.90 OK
r-release-linux-x86_64 1.4.1 8.81 285.10 293.91 OK
r-release-macos-arm64 1.4.1 OK
r-release-macos-x86_64 1.4.1 OK
r-release-windows-ix86+x86_64 1.4.1 21.00 333.00 354.00 OK
r-oldrel-macos-x86_64 1.4.1 OK
r-oldrel-windows-ix86+x86_64 1.4.1 16.00 360.00 376.00 OK

Check Details

Version: 1.4.1
Check: package dependencies
Result: NOTE
    Packages suggested but not available for checking: 'car', 'kableExtra'
Flavor: r-devel-windows-x86_64-gcc10-UCRT

Version: 1.4.1
Check: re-building of vignette outputs
Result: NOTE
    Error(s) in re-building vignettes:
     ...
    --- re-building 'MoosePopR-SightabilityPopR-Demo.Rmd' using rmarkdown
    Quitting from lines 17-29 (MoosePopR-SightabilityPopR-Demo.Rmd)
    Error: processing vignette 'MoosePopR-SightabilityPopR-Demo.Rmd' failed with diagnostics:
    there is no package called 'car'
    --- failed re-building 'MoosePopR-SightabilityPopR-Demo.Rmd'
    
    --- re-building 'RatioEstimator.pdf.asis' using asis
    --- finished re-building 'RatioEstimator.pdf.asis'
    
    --- re-building 'SightabilityModel.Rnw' using Sweave
    --- finished re-building 'SightabilityModel.Rnw'
    
    SUMMARY: processing the following file failed:
     'MoosePopR-SightabilityPopR-Demo.Rmd'
    
    Error: Vignette re-building failed.
    Execution halted
Flavor: r-devel-windows-x86_64-gcc10-UCRT