CRAN Package Check Results for Package Seurat

Last updated on 2020-03-30 20:48:42 CEST.

Flavor Version Tinstall Tcheck Ttotal Status Flags
r-devel-linux-x86_64-debian-clang 3.1.4 126.11 381.29 507.40 NOTE
r-devel-linux-x86_64-debian-gcc 3.1.4 93.54 292.56 386.10 NOTE
r-devel-linux-x86_64-fedora-clang 3.1.4 635.23 NOTE
r-devel-linux-x86_64-fedora-gcc 3.1.4 603.94 NOTE
r-devel-windows-ix86+x86_64 3.1.4 197.00 515.00 712.00 WARN
r-devel-windows-ix86+x86_64-gcc8 3.1.4 239.00 456.00 695.00 WARN
r-patched-linux-x86_64 3.1.4 108.96 371.17 480.13 NOTE
r-patched-solaris-x86 3.1.4 697.50 NOTE
r-release-linux-x86_64 3.1.4 95.77 318.96 414.73 NOTE
r-release-windows-ix86+x86_64 3.1.4 288.00 619.00 907.00 NOTE
r-release-osx-x86_64 3.1.4 NOTE
r-oldrel-windows-ix86+x86_64 3.1.4 261.00 560.00 821.00 NOTE
r-oldrel-osx-x86_64 3.1.4 NOTE

Check Details

Version: 3.1.4
Check: package dependencies
Result: NOTE
    Packages suggested but not available for checking: 'loomR', 'SDMTools'
Flavors: r-devel-linux-x86_64-debian-clang, r-devel-linux-x86_64-debian-gcc, r-patched-linux-x86_64, r-release-linux-x86_64

Version: 3.1.4
Check: Rd cross-references
Result: NOTE
    Package unavailable to check Rd xrefs: 'loomR'
    Unknown package 'SDMTools' in Rd xrefs
Flavors: r-devel-linux-x86_64-debian-clang, r-devel-linux-x86_64-debian-gcc, r-devel-linux-x86_64-fedora-clang, r-devel-linux-x86_64-fedora-gcc, r-patched-linux-x86_64, r-patched-solaris-x86, r-release-linux-x86_64

Version: 3.1.4
Check: package dependencies
Result: NOTE
    Packages suggested but not available for checking:
     'loomR', 'SDMTools', 'MAST', 'monocle'
    
    Imports includes 36 non-default packages.
    Importing from so many packages makes the package vulnerable to any of
    them becoming unavailable. Move as many as possible to Suggests and
    use conditionally.
Flavor: r-devel-linux-x86_64-fedora-clang

Version: 3.1.4
Check: installed package size
Result: NOTE
     installed size is 9.8Mb
     sub-directories of 1Mb or more:
     R 1.1Mb
     libs 8.1Mb
Flavors: r-devel-linux-x86_64-fedora-clang, r-release-osx-x86_64, r-oldrel-osx-x86_64

Version: 3.1.4
Check: package dependencies
Result: NOTE
    Packages suggested but not available for checking:
     'loomR', 'SDMTools', 'MAST', 'monocle'
Flavor: r-devel-linux-x86_64-fedora-gcc

Version: 3.1.4
Check: package dependencies
Result: NOTE
    Package suggested but not available for checking: 'loomR'
Flavors: r-devel-windows-ix86+x86_64, r-devel-windows-ix86+x86_64-gcc8, r-release-windows-ix86+x86_64, r-oldrel-windows-ix86+x86_64

Version: 3.1.4
Check: whether package can be installed
Result: WARN
    Found the following significant warnings:
     Warning: multiple methods tables found for 'plot'
Flavors: r-devel-windows-ix86+x86_64, r-devel-windows-ix86+x86_64-gcc8

Version: 3.1.4
Check: Rd cross-references
Result: NOTE
    Package unavailable to check Rd xrefs: 'loomR'
Flavors: r-devel-windows-ix86+x86_64, r-devel-windows-ix86+x86_64-gcc8, r-release-windows-ix86+x86_64, r-release-osx-x86_64, r-oldrel-windows-ix86+x86_64, r-oldrel-osx-x86_64

Version: 3.1.4
Check: package dependencies
Result: NOTE
    Packages suggested but not available for checking:
     'loomR', 'SDMTools', 'monocle'
Flavor: r-patched-solaris-x86

Version: 3.1.4
Check: package dependencies
Result: NOTE
    Packages suggested but not available for checking:
     'loomR', 'SingleCellExperiment', 'MAST', 'monocle'
Flavor: r-release-osx-x86_64

Version: 3.1.4
Check: package dependencies
Result: NOTE
    Packages suggested but not available for checking:
     ‘loomR’ ‘SingleCellExperiment’ ‘MAST’ ‘rtracklayer’ ‘monocle’
Flavor: r-oldrel-osx-x86_64