CRAN Package Check Results for Package SWMPrExtension

Last updated on 2020-03-30 20:48:45 CEST.

Flavor Version Tinstall Tcheck Ttotal Status Flags
r-devel-linux-x86_64-debian-clang 1.1.3 19.67 154.84 174.51 OK
r-devel-linux-x86_64-debian-gcc 1.1.3 19.64 118.10 137.74 OK
r-devel-linux-x86_64-fedora-clang 1.1.3 209.73 NOTE
r-devel-linux-x86_64-fedora-gcc 1.1.3 203.28 NOTE
r-devel-windows-ix86+x86_64 1.1.3 52.00 175.00 227.00 OK
r-devel-windows-ix86+x86_64-gcc8 1.1.3 51.00 180.00 231.00 OK
r-patched-linux-x86_64 1.1.3 20.83 146.10 166.93 OK
r-patched-solaris-x86 1.1.3 371.80 NOTE
r-release-linux-x86_64 1.1.3 18.64 138.77 157.41 OK
r-release-windows-ix86+x86_64 1.1.3 64.00 248.00 312.00 OK
r-release-osx-x86_64 1.1.3 NOTE
r-oldrel-windows-ix86+x86_64 1.1.3 48.00 259.00 307.00 OK
r-oldrel-osx-x86_64 1.1.3 NOTE

Check Details

Version: 1.1.3
Check: dependencies in R code
Result: NOTE
    Namespace in Imports field not imported from: ‘rgeos’
     All declared Imports should be used.
Flavors: r-devel-linux-x86_64-fedora-clang, r-devel-linux-x86_64-fedora-gcc, r-patched-solaris-x86, r-release-osx-x86_64, r-oldrel-osx-x86_64