CRAN Package Check Results for Package SWMPr

Last updated on 2021-04-15 09:50:18 CEST.

Flavor Version Tinstall Tcheck Ttotal Status Flags
r-devel-linux-x86_64-debian-clang 2.4.0 18.10 148.88 166.98 OK
r-devel-linux-x86_64-debian-gcc 2.4.0 0.58 2.01 2.59 ERROR
r-devel-linux-x86_64-fedora-clang 2.4.0 12.21 ERROR
r-devel-linux-x86_64-fedora-gcc 2.4.0 2.78 ERROR
r-devel-windows-ix86+x86_64 2.4.0 53.00 233.00 286.00 OK
r-devel-windows-x86_64-gcc10-UCRT 2.4.0 OK
r-patched-linux-x86_64 2.4.0 16.12 138.49 154.61 OK
r-patched-solaris-x86 2.4.0 316.70 OK
r-release-linux-x86_64 2.4.0 17.40 138.78 156.18 OK
r-release-macos-x86_64 2.4.0 OK
r-release-windows-ix86+x86_64 2.4.0 45.00 253.00 298.00 OK
r-oldrel-macos-x86_64 2.4.0 OK
r-oldrel-windows-ix86+x86_64 2.4.0 28.00 148.00 176.00 OK

Check Details

Version: 2.4.0
Check: package dependencies
Result: ERROR
    Package required but not available: ‘tictoc’
    
    See section ‘The DESCRIPTION file’ in the ‘Writing R Extensions’
    manual.
Flavors: r-devel-linux-x86_64-debian-gcc, r-devel-linux-x86_64-fedora-clang, r-devel-linux-x86_64-fedora-gcc