CRAN Package Check Results for Package SSN

Last updated on 2020-04-09 14:51:39 CEST.

Flavor Version Tinstall Tcheck Ttotal Status Flags
r-devel-linux-x86_64-debian-clang 1.1.15 17.60 190.38 207.98 OK
r-devel-linux-x86_64-debian-gcc 1.1.15 16.74 148.16 164.90 OK
r-devel-linux-x86_64-fedora-clang 1.1.15 252.59 OK
r-devel-linux-x86_64-fedora-gcc 1.1.15 260.69 OK
r-devel-windows-ix86+x86_64 1.1.15 45.00 429.00 474.00 OK
r-devel-windows-ix86+x86_64-gcc8 1.1.15 39.00 295.00 334.00 OK
r-patched-linux-x86_64 1.1.15 19.15 185.12 204.27 OK
r-patched-osx-x86_64 1.1.15 OK
r-patched-solaris-x86 1.1.15 395.40 NOTE
r-release-linux-x86_64 1.1.15 18.00 170.60 188.60 OK
r-release-windows-ix86+x86_64 1.1.15 42.00 391.00 433.00 OK
r-release-osx-x86_64 1.1.15 OK
r-oldrel-windows-ix86+x86_64 1.1.15 45.00 354.00 399.00 OK
r-oldrel-osx-x86_64 1.1.15 OK

Check Details

Version: 1.1.15
Check: installed package size
Result: NOTE
     installed size is 5.4Mb
     sub-directories of 1Mb or more:
     lsndata 2.9Mb
Flavor: r-patched-solaris-x86