CRAN Package Check Results for Package SPEDInstabR

Last updated on 2020-05-29 17:49:18 CEST.

Flavor Version Tinstall Tcheck Ttotal Status Flags
r-devel-linux-x86_64-debian-clang 1.8 2.95 26.85 29.80 OK
r-devel-linux-x86_64-debian-gcc 1.8 2.51 21.00 23.51 OK
r-devel-linux-x86_64-fedora-clang 1.8 36.78 NOTE
r-devel-linux-x86_64-fedora-gcc 1.8 35.08 NOTE
r-devel-windows-ix86+x86_64 1.8 10.00 38.00 48.00 OK
r-patched-linux-x86_64 1.8 2.84 26.72 29.56 OK
r-patched-solaris-x86 1.8 54.90 NOTE
r-release-linux-x86_64 1.8 3.21 26.61 29.82 OK
r-release-osx-x86_64 1.8 NOTE
r-release-windows-ix86+x86_64 1.8 7.00 50.00 57.00 OK
r-oldrel-osx-x86_64 1.8 NOTE
r-oldrel-windows-ix86+x86_64 1.8 7.00 41.00 48.00 OK

Check Details

Version: 1.8
Check: data for non-ASCII characters
Result: NOTE
     Note: found 5 marked Latin-1 strings
Flavors: r-devel-linux-x86_64-fedora-clang, r-devel-linux-x86_64-fedora-gcc, r-patched-solaris-x86, r-release-osx-x86_64, r-oldrel-osx-x86_64