CRAN Package Check Results for Package SOMbrero

Last updated on 2020-02-27 17:51:10 CET.

Flavor Version Tinstall Tcheck Ttotal Status Flags
r-devel-linux-x86_64-debian-clang 1.2-4 6.49 70.69 77.18 WARN
r-devel-linux-x86_64-debian-gcc 1.2-4 5.86 54.03 59.89 WARN
r-devel-linux-x86_64-fedora-clang 1.2-4 107.36 OK
r-devel-linux-x86_64-fedora-gcc 1.2-4 104.61 OK
r-devel-windows-ix86+x86_64 1.2-4 12.00 97.00 109.00 OK
r-devel-windows-ix86+x86_64-gcc8 1.2-4 14.00 97.00 111.00 OK
r-patched-linux-x86_64 1.2-4 5.06 74.41 79.47 OK
r-patched-solaris-x86 1.2-4 163.60 OK
r-release-linux-x86_64 1.2-4 6.36 74.90 81.26 OK
r-release-windows-ix86+x86_64 1.2-4 11.00 94.00 105.00 OK
r-release-osx-x86_64 1.2-4 OK
r-oldrel-windows-ix86+x86_64 1.2-4 9.00 80.00 89.00 OK
r-oldrel-osx-x86_64 1.2-4 OK

Check Details

Version: 1.2-4
Check: re-building of vignette outputs
Result: WARN
    Error(s) in re-building vignettes:
     ...
    --- re-building 'a-doc-SOMbrero-package.Rmd' using knitr
    Loading required package: igraph
    
    Attaching package: 'igraph'
    
    The following objects are masked from 'package:stats':
    
     decompose, spectrum
    
    The following object is masked from 'package:base':
    
     union
    
    
    ***********************************************************
    
     This is 'SOMbrero' package, v 1.2
    
    Citation details with citation('SOMbrero')
    
    Further information with help(SOMbrero)...
    
    Use sombreroGUI() to start the Graphical Interface.
    
    ***********************************************************
    --- finished re-building 'a-doc-SOMbrero-package.Rmd'
    
    --- re-building 'b-doc-grids.Rmd' using knitr
    Loading required package: igraph
    
    Attaching package: 'igraph'
    
    The following objects are masked from 'package:stats':
    
     decompose, spectrum
    
    The following object is masked from 'package:base':
    
     union
    
    
    ***********************************************************
    
     This is 'SOMbrero' package, v 1.2
    
    Citation details with citation('SOMbrero')
    
    Further information with help(SOMbrero)...
    
    Use sombreroGUI() to start the Graphical Interface.
    
    ***********************************************************
    --- finished re-building 'b-doc-grids.Rmd'
    
    --- re-building 'c-doc-numericSOM.Rmd' using knitr
    Loading required package: igraph
    
    Attaching package: 'igraph'
    
    The following objects are masked from 'package:stats':
    
     decompose, spectrum
    
    The following object is masked from 'package:base':
    
     union
    
    
    ***********************************************************
    
     This is 'SOMbrero' package, v 1.2
    
    Citation details with citation('SOMbrero')
    
    Further information with help(SOMbrero)...
    
    Use sombreroGUI() to start the Graphical Interface.
    
    ***********************************************************
    Quitting from lines 281-284 (c-doc-numericSOM.Rmd)
    Error: processing vignette 'c-doc-numericSOM.Rmd' failed with diagnostics:
    length of 'dimnames' [2] not equal to array extent
    --- failed re-building 'c-doc-numericSOM.Rmd'
    
    --- re-building 'd-doc-korrespSOM.Rmd' using knitr
    Loading required package: igraph
    
    Attaching package: 'igraph'
    
    The following objects are masked from 'package:stats':
    
     decompose, spectrum
    
    The following object is masked from 'package:base':
    
     union
    
    
    ***********************************************************
    
     This is 'SOMbrero' package, v 1.2
    
    Citation details with citation('SOMbrero')
    
    Further information with help(SOMbrero)...
    
    Use sombreroGUI() to start the Graphical Interface.
    
    ***********************************************************
    Quitting from lines 125-126 (d-doc-korrespSOM.Rmd)
    Error: processing vignette 'd-doc-korrespSOM.Rmd' failed with diagnostics:
    length of 'dimnames' [2] not equal to array extent
    --- failed re-building 'd-doc-korrespSOM.Rmd'
    
    --- re-building 'e-doc-relationalSOM.Rmd' using knitr
    Loading required package: igraph
    
    Attaching package: 'igraph'
    
    The following objects are masked from 'package:stats':
    
     decompose, spectrum
    
    The following object is masked from 'package:base':
    
     union
    
    
    ***********************************************************
    
     This is 'SOMbrero' package, v 1.2
    
    Citation details with citation('SOMbrero')
    
    Further information with help(SOMbrero)...
    
    Use sombreroGUI() to start the Graphical Interface.
    
    ***********************************************************
    Quitting from lines 123-124 (e-doc-relationalSOM.Rmd)
    Error: processing vignette 'e-doc-relationalSOM.Rmd' failed with diagnostics:
    length of 'dimnames' [2] not equal to array extent
    --- failed re-building 'e-doc-relationalSOM.Rmd'
    
    SUMMARY: processing the following files failed:
     'c-doc-numericSOM.Rmd' 'd-doc-korrespSOM.Rmd'
     'e-doc-relationalSOM.Rmd'
    
    Error: Vignette re-building failed.
    Execution halted
Flavors: r-devel-linux-x86_64-debian-clang, r-devel-linux-x86_64-debian-gcc