CRAN Package Check Results for Package SMMT

Last updated on 2021-04-15 09:50:16 CEST.

Flavor Version Tinstall Tcheck Ttotal Status Flags
r-devel-linux-x86_64-debian-clang 1.0.7 5.51 57.20 62.71 NOTE
r-devel-linux-x86_64-debian-gcc 1.0.7 4.32 42.98 47.30 NOTE
r-devel-linux-x86_64-fedora-clang 1.0.7 80.85 NOTE
r-devel-linux-x86_64-fedora-gcc 1.0.7 71.89 NOTE
r-devel-windows-ix86+x86_64 1.0.7 14.00 74.00 88.00 NOTE
r-devel-windows-x86_64-gcc10-UCRT 1.0.7 NOTE
r-patched-linux-x86_64 1.0.7 5.21 52.47 57.68 OK
r-patched-solaris-x86 1.0.7 109.90 OK
r-release-linux-x86_64 1.0.7 5.43 52.56 57.99 OK
r-release-macos-x86_64 1.0.7 OK
r-release-windows-ix86+x86_64 1.0.7 21.00 93.00 114.00 OK
r-oldrel-macos-x86_64 1.0.7 OK
r-oldrel-windows-ix86+x86_64 1.0.7 11.00 56.00 67.00 OK

Check Details

Version: 1.0.7
Check: LazyData
Result: NOTE
     'LazyData' is specified without a 'data' directory
Flavors: r-devel-linux-x86_64-debian-clang, r-devel-linux-x86_64-debian-gcc, r-devel-linux-x86_64-fedora-clang, r-devel-linux-x86_64-fedora-gcc, r-devel-windows-ix86+x86_64, r-devel-windows-x86_64-gcc10-UCRT