CRAN Package Check Results for Package SIfEK

Last updated on 2021-04-15 09:50:16 CEST.

Flavor Version Tinstall Tcheck Ttotal Status Flags
r-devel-linux-x86_64-debian-clang 0.1.0 5.50 52.63 58.13 NOTE
r-devel-linux-x86_64-debian-gcc 0.1.0 4.47 39.01 43.48 NOTE
r-devel-linux-x86_64-fedora-clang 0.1.0 79.05 NOTE
r-devel-linux-x86_64-fedora-gcc 0.1.0 71.63 NOTE
r-devel-windows-ix86+x86_64 0.1.0 11.00 70.00 81.00 OK
r-devel-windows-x86_64-gcc10-UCRT 0.1.0 OK
r-patched-linux-x86_64 0.1.0 6.15 50.61 56.76 NOTE
r-patched-solaris-x86 0.1.0 88.40 NOTE
r-release-linux-x86_64 0.1.0 5.83 50.73 56.56 NOTE
r-release-macos-x86_64 0.1.0 OK
r-release-windows-ix86+x86_64 0.1.0 8.00 70.00 78.00 OK
r-oldrel-macos-x86_64 0.1.0 OK
r-oldrel-windows-ix86+x86_64 0.1.0 8.00 45.00 53.00 OK

Check Details

Version: 0.1.0
Check: for non-standard things in the check directory
Result: NOTE
    Found the following files/directories:
     'MM.csv' 'Simul.csv' 'catalytic.csv'
Flavors: r-devel-linux-x86_64-debian-clang, r-devel-linux-x86_64-debian-gcc, r-devel-linux-x86_64-fedora-clang, r-devel-linux-x86_64-fedora-gcc, r-patched-linux-x86_64, r-patched-solaris-x86, r-release-linux-x86_64