CRAN Package Check Results for Package SIRItoGTFS

Last updated on 2020-04-09 14:51:38 CEST.

Flavor Version Tinstall Tcheck Ttotal Status Flags
r-devel-linux-x86_64-debian-clang 0.2.4 10.18 74.90 85.08 NOTE
r-devel-linux-x86_64-debian-gcc 0.2.4 8.53 56.53 65.06 NOTE
r-devel-linux-x86_64-fedora-clang 0.2.4 92.34 NOTE
r-devel-linux-x86_64-fedora-gcc 0.2.4 100.90 NOTE
r-devel-windows-ix86+x86_64 0.2.4 19.00 117.00 136.00 OK
r-devel-windows-ix86+x86_64-gcc8 0.2.4 19.00 72.00 91.00 OK
r-patched-linux-x86_64 0.2.4 9.01 70.81 79.82 NOTE
r-patched-osx-x86_64 0.2.4 OK
r-patched-solaris-x86 0.2.4 148.80 NOTE
r-release-linux-x86_64 0.2.4 8.43 66.04 74.47 OK
r-release-windows-ix86+x86_64 0.2.4 19.00 121.00 140.00 OK
r-release-osx-x86_64 0.2.4 OK
r-oldrel-windows-ix86+x86_64 0.2.4 18.00 102.00 120.00 OK
r-oldrel-osx-x86_64 0.2.4 OK

Check Details

Version: 0.2.4
Check: for non-standard things in the check directory
Result: NOTE
    Found the following files/directories:
     'agency.csv' 'calendar.csv' 'routes.txt' 'shapes.txt'
     'stop_times.txt' 'stops.txt' 'translations.txt' 'trips.txt'
Flavors: r-devel-linux-x86_64-debian-clang, r-devel-linux-x86_64-debian-gcc, r-devel-linux-x86_64-fedora-clang, r-devel-linux-x86_64-fedora-gcc, r-patched-linux-x86_64, r-patched-solaris-x86