CRAN Package Check Results for Package SIRE

Last updated on 2021-04-15 09:50:16 CEST.

Flavor Version Tinstall Tcheck Ttotal Status Flags
r-devel-linux-x86_64-debian-clang 1.1.0 3.22 30.18 33.40 OK
r-devel-linux-x86_64-debian-gcc 1.1.0 2.12 23.50 25.62 OK
r-devel-linux-x86_64-fedora-clang 1.1.0 49.63 NOTE
r-devel-linux-x86_64-fedora-gcc 1.1.0 38.86 NOTE
r-devel-windows-ix86+x86_64 1.1.0 7.00 47.00 54.00 OK
r-devel-windows-x86_64-gcc10-UCRT 1.1.0 NOTE
r-patched-linux-x86_64 1.1.0 3.09 28.76 31.85 OK
r-patched-solaris-x86 1.1.0 61.90 NOTE
r-release-linux-x86_64 1.1.0 3.09 28.71 31.80 OK
r-release-macos-x86_64 1.1.0 NOTE
r-release-windows-ix86+x86_64 1.1.0 15.00 62.00 77.00 OK
r-oldrel-macos-x86_64 1.1.0 NOTE
r-oldrel-windows-ix86+x86_64 1.1.0 4.00 38.00 42.00 OK

Check Details

Version: 1.1.0
Check: dependencies in R code
Result: NOTE
    Namespaces in Imports field not imported from:
     ‘dplyr’ ‘magrittr’ ‘psych’ ‘stringr’
     All declared Imports should be used.
Flavors: r-devel-linux-x86_64-fedora-clang, r-devel-linux-x86_64-fedora-gcc, r-devel-windows-x86_64-gcc10-UCRT, r-patched-solaris-x86, r-release-macos-x86_64, r-oldrel-macos-x86_64