CRAN Package Check Results for Package SGPdata

Last updated on 2020-02-21 17:48:00 CET.

Flavor Version Tinstall Tcheck Ttotal Status Flags
r-devel-linux-x86_64-debian-clang 23.0-0.0 13.40 42.95 56.35 OK
r-devel-linux-x86_64-debian-gcc 23.0-0.0 12.06 33.34 45.40 OK
r-devel-linux-x86_64-fedora-clang 23.0-0.0 71.95 NOTE
r-devel-linux-x86_64-fedora-gcc 23.0-0.0 70.67 OK
r-devel-windows-ix86+x86_64 23.0-0.0 20.00 50.00 70.00 NOTE
r-devel-windows-ix86+x86_64-gcc8 23.0-0.0 27.00 74.00 101.00 NOTE
r-patched-linux-x86_64 23.0-0.0 11.98 39.60 51.58 OK
r-patched-solaris-x86 23.0-0.0 107.80 WARN
r-release-linux-x86_64 23.0-0.0 14.12 39.24 53.36 OK
r-release-windows-ix86+x86_64 23.0-0.0 18.00 57.00 75.00 NOTE
r-release-osx-x86_64 23.0-0.0 WARN
r-oldrel-windows-ix86+x86_64 21.0-0.0 21.00 53.00 74.00 NOTE
r-oldrel-osx-x86_64 23.0-0.0 ERROR

Check Details

Version: 23.0-0.0
Check: installed package size
Result: NOTE
     installed size is 8.0Mb
     sub-directories of 1Mb or more:
     data 7.8Mb
Flavors: r-devel-linux-x86_64-fedora-clang, r-devel-windows-ix86+x86_64, r-devel-windows-ix86+x86_64-gcc8, r-patched-solaris-x86, r-release-windows-ix86+x86_64, r-release-osx-x86_64

Version: 23.0-0.0
Check: re-building of vignette outputs
Result: WARN
    Error(s) in re-building vignettes:
     ...
    --- re-building ‘SGPdata.Rmd’ using rmarkdown
    Warning in engine$weave(file, quiet = quiet, encoding = enc) :
     Pandoc (>= 1.12.3) and/or pandoc-citeproc not available. Falling back to R Markdown v1.
    Quitting from lines 13-28 (SGPdata.Rmd)
    Error: processing vignette 'SGPdata.Rmd' failed with diagnostics:
    argument is of length zero
    --- failed re-building ‘SGPdata.Rmd’
    
    SUMMARY: processing the following file failed:
     ‘SGPdata.Rmd’
    
    Error: Vignette re-building failed.
    Execution halted
Flavors: r-patched-solaris-x86, r-release-osx-x86_64

Version: 21.0-0.0
Check: installed package size
Result: NOTE
     installed size is 7.9Mb
     sub-directories of 1Mb or more:
     data 7.8Mb
Flavor: r-oldrel-windows-ix86+x86_64

Version: 23.0-0.0
Check: whether package can be installed
Result: ERROR
    Installation failed.
Flavor: r-oldrel-osx-x86_64