CRAN Package Check Results for Package SEA

Last updated on 2020-03-30 20:48:42 CEST.

Flavor Version Tinstall Tcheck Ttotal Status Flags
r-devel-linux-x86_64-debian-clang 1.0 257.78 784.01 1041.79 OK
r-devel-linux-x86_64-debian-gcc 1.0 224.92 565.61 790.53 OK
r-devel-linux-x86_64-fedora-clang 1.0 1220.07 NOTE
r-devel-linux-x86_64-fedora-gcc 1.0 1208.93 OK
r-devel-windows-ix86+x86_64 1.0 332.00 553.00 885.00 NOTE
r-devel-windows-ix86+x86_64-gcc8 1.0 307.00 571.00 878.00 NOTE
r-patched-linux-x86_64 1.0 255.24 757.68 1012.92 OK
r-patched-solaris-x86 1.0 1390.80 NOTE
r-release-linux-x86_64 1.0 230.15 673.87 904.02 OK
r-release-windows-ix86+x86_64 1.0 407.00 723.00 1130.00 NOTE
r-release-osx-x86_64 1.0 NOTE
r-oldrel-windows-ix86+x86_64 1.0 352.00 688.00 1040.00 NOTE
r-oldrel-osx-x86_64 1.0 NOTE

Check Details

Version: 1.0
Check: installed package size
Result: NOTE
     installed size is 7.9Mb
     sub-directories of 1Mb or more:
     R 7.1Mb
Flavors: r-devel-linux-x86_64-fedora-clang, r-devel-windows-ix86+x86_64, r-devel-windows-ix86+x86_64-gcc8, r-patched-solaris-x86, r-release-windows-ix86+x86_64, r-release-osx-x86_64, r-oldrel-windows-ix86+x86_64, r-oldrel-osx-x86_64