CRAN Package Check Results for Package SCOUTer

Last updated on 2021-06-22 09:51:53 CEST.

Flavor Version Tinstall Tcheck Ttotal Status Flags
r-devel-linux-x86_64-debian-clang 1.0.0 7.89 95.89 103.78 OK
r-devel-linux-x86_64-debian-gcc 1.0.0 6.55 70.35 76.90 OK
r-devel-linux-x86_64-fedora-clang 1.0.0 127.61 OK
r-devel-linux-x86_64-fedora-gcc 1.0.0 118.17 OK
r-devel-windows-x86_64 1.0.0 13.00 114.00 127.00 OK
r-devel-windows-x86_64-gcc10-UCRT 1.0.0 ERROR
r-patched-linux-x86_64 1.0.0 6.88 88.19 95.07 OK
r-patched-solaris-x86 1.0.0 166.60 OK
r-release-linux-x86_64 1.0.0 6.34 89.54 95.88 OK
r-release-macos-arm64 1.0.0 OK
r-release-macos-x86_64 1.0.0 OK
r-release-windows-ix86+x86_64 1.0.0 19.00 120.00 139.00 OK
r-oldrel-macos-x86_64 1.0.0 OK

Check Details

Version: 1.0.0
Check: package dependencies
Result: ERROR
    Package required but not available: 'ggpubr'
    
    See section 'The DESCRIPTION file' in the 'Writing R Extensions'
    manual.
Flavor: r-devel-windows-x86_64-gcc10-UCRT