CRAN Package Check Results for Package SCCI

Last updated on 2021-06-22 09:51:53 CEST.

Flavor Version Tinstall Tcheck Ttotal Status Flags
r-devel-linux-x86_64-debian-clang 1.2 20.65 28.40 49.05 OK
r-devel-linux-x86_64-debian-gcc 1.2 12.79 22.34 35.13 OK
r-devel-linux-x86_64-fedora-clang 1.2 73.14 OK
r-devel-linux-x86_64-fedora-gcc 1.2 56.66 OK
r-devel-windows-x86_64 1.2 24.00 54.00 78.00 OK
r-devel-windows-x86_64-gcc10-UCRT 1.2 NOTE
r-patched-linux-x86_64 1.2 14.47 27.75 42.22 OK
r-patched-solaris-x86 1.2 76.20 OK
r-release-linux-x86_64 1.2 14.59 27.58 42.17 OK
r-release-macos-arm64 1.2 NOTE
r-release-macos-x86_64 1.2 OK
r-release-windows-ix86+x86_64 1.2 48.00 73.00 121.00 OK
r-oldrel-macos-x86_64 1.2 OK

Check Details

Version: 1.2
Check: package dependencies
Result: NOTE
    Package suggested but not available for checking: 'Rgraphviz'
Flavor: r-devel-windows-x86_64-gcc10-UCRT

Version: 1.2
Check: package dependencies
Result: NOTE
    Packages suggested but not available for checking: 'pcalg', 'Rgraphviz'
Flavor: r-release-macos-arm64