CRAN Package Check Results for Package SCCI

Last updated on 2021-10-27 08:56:18 CEST.

Flavor Version Tinstall Tcheck Ttotal Status Flags
r-devel-linux-x86_64-debian-clang 1.2 18.37 27.11 45.48 OK
r-devel-linux-x86_64-debian-gcc 1.2 11.84 21.66 33.50 OK
r-devel-linux-x86_64-fedora-clang 1.2 74.58 OK
r-devel-linux-x86_64-fedora-gcc 1.2 56.58 OK
r-devel-windows-x86_64 1.2 26.00 53.00 79.00 OK
r-devel-windows-x86_64-gcc10-UCRT 1.2 OK
r-patched-linux-x86_64 1.2 14.88 26.68 41.56 OK
r-patched-solaris-x86 1.2 76.20 OK
r-release-linux-x86_64 1.2 15.58 26.19 41.77 OK
r-release-macos-arm64 1.2 NOTE
r-release-macos-x86_64 1.2 OK
r-release-windows-ix86+x86_64 1.2 34.00 70.00 104.00 OK
r-oldrel-macos-x86_64 1.2 OK
r-oldrel-windows-ix86+x86_64 1.2 51.00 74.00 125.00 OK

Check Details

Version: 1.2
Check: package dependencies
Result: NOTE
    Package suggested but not available for checking: ‘pcalg’
Flavor: r-release-macos-arm64