CRAN Package Check Results for Package Rwinsteps

Last updated on 2020-07-06 21:50:37 CEST.

Flavor Version Tinstall Tcheck Ttotal Status Flags
r-devel-linux-x86_64-debian-clang 1.0-1.1 2.35 20.04 22.39 NOTE
r-devel-linux-x86_64-debian-gcc 1.0-1.1 1.99 16.09 18.08 NOTE
r-devel-linux-x86_64-fedora-clang 1.0-1.1 36.16 NOTE
r-devel-linux-x86_64-fedora-gcc 1.0-1.1 26.40 NOTE
r-devel-windows-ix86+x86_64 1.0-1.1 8.00 39.00 47.00 NOTE
r-patched-linux-x86_64 1.0-1.1 2.63 20.36 22.99 NOTE
r-patched-solaris-x86 1.0-1.1 40.50 NOTE
r-release-linux-x86_64 1.0-1.1 2.39 20.10 22.49 NOTE
r-release-osx-x86_64 1.0-1.1 NOTE
r-release-windows-ix86+x86_64 1.0-1.1 5.00 28.00 33.00 NOTE
r-oldrel-osx-x86_64 1.0-1.1 NOTE
r-oldrel-windows-ix86+x86_64 1.0-1.1 4.00 37.00 41.00 NOTE

Check Details

Version: 1.0-1.1
Check: top-level files
Result: NOTE
    File
     LICENSE
    is not mentioned in the DESCRIPTION file.
Flavors: r-devel-linux-x86_64-debian-clang, r-devel-linux-x86_64-debian-gcc, r-devel-linux-x86_64-fedora-clang, r-devel-linux-x86_64-fedora-gcc, r-devel-windows-ix86+x86_64, r-patched-linux-x86_64, r-patched-solaris-x86, r-release-linux-x86_64, r-release-osx-x86_64, r-release-windows-ix86+x86_64, r-oldrel-osx-x86_64, r-oldrel-windows-ix86+x86_64