CRAN Package Check Results for Package Rwinsteps

Last updated on 2020-02-24 20:47:32 CET.

Flavor Version Tinstall Tcheck Ttotal Status Flags
r-devel-linux-x86_64-debian-clang 1.0-1.1 2.61 19.88 22.49 NOTE
r-devel-linux-x86_64-debian-gcc 1.0-1.1 2.06 16.00 18.06 NOTE
r-devel-linux-x86_64-fedora-clang 1.0-1.1 27.74 NOTE
r-devel-linux-x86_64-fedora-gcc 1.0-1.1 26.67 NOTE
r-devel-windows-ix86+x86_64 1.0-1.1 5.00 29.00 34.00 NOTE
r-devel-windows-ix86+x86_64-gcc8 1.0-1.1 9.00 42.00 51.00 NOTE
r-patched-linux-x86_64 1.0-1.1 2.05 18.18 20.23 NOTE
r-patched-solaris-x86 1.0-1.1 37.40 NOTE
r-release-linux-x86_64 1.0-1.1 1.85 18.08 19.93 NOTE
r-release-windows-ix86+x86_64 1.0-1.1 4.00 37.00 41.00 NOTE
r-release-osx-x86_64 1.0-1.1 NOTE
r-oldrel-windows-ix86+x86_64 1.0-1.1 3.00 28.00 31.00 NOTE
r-oldrel-osx-x86_64 1.0-1.1 NOTE

Check Details

Version: 1.0-1.1
Check: top-level files
Result: NOTE
    File
     LICENSE
    is not mentioned in the DESCRIPTION file.
Flavors: r-devel-linux-x86_64-debian-clang, r-devel-linux-x86_64-debian-gcc, r-devel-linux-x86_64-fedora-clang, r-devel-linux-x86_64-fedora-gcc, r-devel-windows-ix86+x86_64, r-devel-windows-ix86+x86_64-gcc8, r-patched-linux-x86_64, r-patched-solaris-x86, r-release-linux-x86_64, r-release-windows-ix86+x86_64, r-release-osx-x86_64, r-oldrel-windows-ix86+x86_64, r-oldrel-osx-x86_64