CRAN Package Check Results for Package RsqMed

Last updated on 2021-04-15 09:50:14 CEST.

Flavor Version Tinstall Tcheck Ttotal Status Flags
r-devel-linux-x86_64-debian-clang 0.1.7.1 2.26 40.80 43.06 OK
r-devel-linux-x86_64-debian-gcc 0.1.7.1 1.78 31.76 33.54 OK
r-devel-linux-x86_64-fedora-clang 0.1.7.1 68.10 OK
r-devel-linux-x86_64-fedora-gcc 0.1.7.1 53.98 OK
r-devel-windows-ix86+x86_64 0.1.7.1 8.00 60.00 68.00 OK
r-devel-windows-x86_64-gcc10-UCRT 0.1.7.1 OK
r-patched-linux-x86_64 0.1.7.1 1.89 40.26 42.15 OK
r-release-linux-x86_64 0.1.7.1 2.18 39.40 41.58 OK
r-release-macos-x86_64 0.1.7.1 OK
r-release-windows-ix86+x86_64 0.1.7.1 8.00 60.00 68.00 OK
r-oldrel-macos-x86_64 0.1.7.1 ERROR
r-oldrel-windows-ix86+x86_64 0.1.7.1 4.00 42.00 46.00 OK

Check Details

Version: 0.1.7.1
Check: package dependencies
Result: ERROR
    Package required but not available: ‘GMMAT’
    
    See section ‘The DESCRIPTION file’ in the ‘Writing R Extensions’
    manual.
Flavor: r-oldrel-macos-x86_64