CRAN Package Check Results for Package Rquake

Last updated on 2020-05-29 17:49:16 CEST.

Flavor Version Tinstall Tcheck Ttotal Status Flags
r-devel-linux-x86_64-debian-clang 2.4-0 10.66 79.58 90.24 OK
r-devel-linux-x86_64-debian-gcc 2.4-0 9.55 61.65 71.20 OK
r-devel-linux-x86_64-fedora-clang 2.4-0 110.75 OK
r-devel-linux-x86_64-fedora-gcc 2.4-0 106.93 OK
r-devel-windows-ix86+x86_64 2.4-0 29.00 129.00 158.00 OK
r-patched-linux-x86_64 2.4-0 12.08 79.61 91.69 OK
r-patched-solaris-x86 2.4-0 146.80 OK
r-release-linux-x86_64 2.4-0 11.47 80.21 91.68 OK
r-release-osx-x86_64 2.4-0 OK
r-release-windows-ix86+x86_64 2.4-0 23.00 124.00 147.00 OK
r-oldrel-osx-x86_64 2.4-0 WARN
r-oldrel-windows-ix86+x86_64 2.4-0 20.00 98.00 118.00 OK

Check Details

Version: 2.4-0
Check: whether package can be installed
Result: WARN
    Found the following significant warnings:
     Warning: 'rgl_init' failed, running with rgl.useNULL = TRUE
Flavor: r-oldrel-osx-x86_64