CRAN Package Check Results for Package Rprofet

Last updated on 2020-03-30 20:48:41 CEST.

Flavor Version Tinstall Tcheck Ttotal Status Flags
r-devel-linux-x86_64-debian-clang 2.2.0 6.47 57.86 64.33 ERROR
r-devel-linux-x86_64-debian-gcc 2.2.0 5.47 43.82 49.29 ERROR
r-devel-linux-x86_64-fedora-clang 2.2.0 74.39 ERROR
r-devel-linux-x86_64-fedora-gcc 2.2.0 73.28 ERROR
r-devel-windows-ix86+x86_64 2.2.0 23.00 73.00 96.00 ERROR
r-devel-windows-ix86+x86_64-gcc8 2.2.0 19.00 75.00 94.00 ERROR
r-patched-linux-x86_64 2.2.0 5.41 53.67 59.08 ERROR
r-patched-solaris-x86 2.2.0 116.10 ERROR
r-release-linux-x86_64 2.2.0 5.12 66.65 71.77 OK
r-release-windows-ix86+x86_64 2.2.0 26.00 130.00 156.00 OK
r-release-osx-x86_64 2.2.0 FAIL
r-oldrel-windows-ix86+x86_64 2.2.0 15.00 116.00 131.00 OK
r-oldrel-osx-x86_64 2.2.0 OK

Check Details

Version: 2.2.0
Check: examples
Result: ERROR
    Running examples in 'Rprofet-Ex.R' failed
    The error most likely occurred in:
    
    > base::assign(".ptime", proc.time(), pos = "CheckExEnv")
    > ### Name: ScorecardProfet
    > ### Title: Scorecard Builder
    > ### Aliases: ScorecardProfet
    >
    > ### ** Examples
    >
    > mydata <- ISLR::Default
    >
    > mydata$ID = seq(1:nrow(mydata)) ## make the ID variable
    > mydata$default<-ifelse(mydata$default=="Yes",1,0) ## Creating numeric binary target variable
    >
    > binned <- BinProfet(mydata, id= "ID", target= "default", num.bins = 5) ## Binning variables
    >
    > WOE_dat <- WOEProfet(binned, "ID","default", 3:5) ## WOE transformation of bins
    Error in aggregate.data.frame(lhs, mf[-1L], FUN = FUN, ...) :
     no rows to aggregate
    Calls: WOEProfet ... aggregate -> aggregate.formula -> aggregate.data.frame
    Execution halted
Flavors: r-devel-linux-x86_64-debian-clang, r-devel-linux-x86_64-debian-gcc, r-patched-linux-x86_64

Version: 2.2.0
Check: examples
Result: ERROR
    Running examples in ‘Rprofet-Ex.R’ failed
    The error most likely occurred in:
    
    > ### Name: ScorecardProfet
    > ### Title: Scorecard Builder
    > ### Aliases: ScorecardProfet
    >
    > ### ** Examples
    >
    > mydata <- ISLR::Default
    >
    > mydata$ID = seq(1:nrow(mydata)) ## make the ID variable
    > mydata$default<-ifelse(mydata$default=="Yes",1,0) ## Creating numeric binary target variable
    >
    > binned <- BinProfet(mydata, id= "ID", target= "default", num.bins = 5) ## Binning variables
    >
    > WOE_dat <- WOEProfet(binned, "ID","default", 3:5) ## WOE transformation of bins
    Error in aggregate.data.frame(lhs, mf[-1L], FUN = FUN, ...) :
     no rows to aggregate
    Calls: WOEProfet ... aggregate -> aggregate.formula -> aggregate.data.frame
    Execution halted
Flavors: r-devel-linux-x86_64-fedora-clang, r-devel-linux-x86_64-fedora-gcc, r-devel-windows-ix86+x86_64, r-devel-windows-ix86+x86_64-gcc8, r-patched-solaris-x86

Version: 2.2.0
Check: examples
Result: FAIL
Flavor: r-release-osx-x86_64