CRAN Package Check Results for Package RmarineHeatWaves

Last updated on 2020-03-30 20:48:40 CEST.

Flavor Version Tinstall Tcheck Ttotal Status Flags
r-devel-linux-x86_64-debian-clang 0.17.0 6.78 61.58 68.36 OK
r-devel-linux-x86_64-debian-gcc 0.17.0 5.62 47.58 53.20 OK
r-devel-linux-x86_64-fedora-clang 0.17.0 70.22 ERROR
r-devel-linux-x86_64-fedora-gcc 0.17.0 72.40 ERROR
r-devel-windows-ix86+x86_64 0.17.0 20.00 76.00 96.00 OK
r-devel-windows-ix86+x86_64-gcc8 0.17.0 16.00 81.00 97.00 OK
r-patched-linux-x86_64 0.17.0 5.97 58.68 64.65 OK
r-patched-solaris-x86 0.17.0 110.20 ERROR
r-release-linux-x86_64 0.17.0 5.01 54.70 59.71 OK
r-release-windows-ix86+x86_64 0.17.0 21.00 115.00 136.00 OK
r-release-osx-x86_64 0.17.0 OK
r-oldrel-windows-ix86+x86_64 0.17.0 13.00 108.00 121.00 OK
r-oldrel-osx-x86_64 0.17.0 OK

Check Details

Version: 0.17.0
Check: examples
Result: ERROR
    Running examples in ‘RmarineHeatWaves-Ex.R’ failed
    The error most likely occurred in:
    
    > ### Name: detect
    > ### Title: Detect heatwaves and cold-spells.
    > ### Aliases: detect
    >
    > ### ** Examples
    >
    > ts_dat <- make_whole(sst_WA)
    > res <- detect(ts_dat, climatology_start = "1983-01-01",
    + climatology_end = "2012-12-31")
    Error: Assigned data `zoo::na.approx(tDat[59:61, no_NA], maxgap = 1, na.rm = TRUE)` must be compatible with existing data.
    ℹ Error occurred for column `doy`.
    ✖ Can't cast <double[,31]> to <double>.
    Can not decrease dimensions.
    Backtrace:
     █
     1. └─RmarineHeatWaves::detect(...)
     2. ├─base::`[<-`(...)
     3. └─tibble:::`[<-.tbl_df`(...)
     4. └─tibble:::tbl_subassign(x, i, j, value, i_arg, j_arg, substitute(value))
     5. └─tibble:::tbl_subassign_row(xj, i, value, value_arg)
     6. └─base::tryCatch(...)
     7. └─base:::tryCatchList(expr, classes, parentenv, handlers)
     8. └─base:::tryCatchOne(expr, names, parentenv, handlers[[1L]])
     9. └─value[[3L]](cond)
    Execution halted
Flavors: r-devel-linux-x86_64-fedora-clang, r-devel-linux-x86_64-fedora-gcc, r-patched-solaris-x86