CRAN Package Check Results for Package Rlda

Last updated on 2020-03-30 20:48:40 CEST.

Flavor Version Tinstall Tcheck Ttotal Status Flags
r-devel-linux-x86_64-debian-clang 0.2.6 128.14 43.80 171.94 OK
r-devel-linux-x86_64-debian-gcc 0.2.6 87.73 34.72 122.45 OK
r-devel-linux-x86_64-fedora-clang 0.2.6 247.88 NOTE
r-devel-linux-x86_64-fedora-gcc 0.2.6 228.85 OK
r-devel-windows-ix86+x86_64 0.2.6 207.00 86.00 293.00 OK
r-devel-windows-ix86+x86_64-gcc8 0.2.6 230.00 92.00 322.00 OK
r-patched-linux-x86_64 0.2.6 105.08 42.83 147.91 OK
r-patched-solaris-x86 0.2.6 215.30 OK
r-release-linux-x86_64 0.2.6 108.02 39.76 147.78 OK
r-release-windows-ix86+x86_64 0.2.6 304.00 128.00 432.00 OK
r-release-osx-x86_64 0.2.6 NOTE
r-oldrel-windows-ix86+x86_64 0.2.6 272.00 118.00 390.00 OK
r-oldrel-osx-x86_64 0.2.6 NOTE

Check Details

Version: 0.2.6
Check: installed package size
Result: NOTE
     installed size is 8.5Mb
     sub-directories of 1Mb or more:
     libs 7.4Mb
Flavors: r-devel-linux-x86_64-fedora-clang, r-release-osx-x86_64, r-oldrel-osx-x86_64