CRAN Package Check Results for Package Ritc

Last updated on 2020-05-29 17:49:15 CEST.

Flavor Version Tinstall Tcheck Ttotal Status Flags
r-devel-linux-x86_64-debian-clang 1.0.2 1.81 20.94 22.75 NOTE
r-devel-linux-x86_64-debian-gcc 1.0.2 1.64 16.82 18.46 NOTE
r-devel-linux-x86_64-fedora-clang 1.0.2 29.78 NOTE
r-devel-linux-x86_64-fedora-gcc 1.0.2 27.84 NOTE
r-devel-windows-ix86+x86_64 1.0.2 7.00 49.00 56.00 OK
r-patched-linux-x86_64 1.0.2 2.17 21.01 23.18 NOTE
r-patched-solaris-x86 1.0.2 43.10 NOTE
r-release-linux-x86_64 1.0.2 1.97 20.93 22.90 NOTE
r-release-osx-x86_64 1.0.2 OK
r-release-windows-ix86+x86_64 1.0.2 6.00 45.00 51.00 OK
r-oldrel-osx-x86_64 1.0.2 OK
r-oldrel-windows-ix86+x86_64 1.0.2 7.00 35.00 42.00 OK

Check Details

Version: 1.0.2
Check: for non-standard things in the check directory
Result: NOTE
    Found the following files/directories:
     'B110711CD4.CSV' 'inputparam2.txt' 'itcout0.pdf' 'itcout1.eps'
     'origin_data.csv'
Flavors: r-devel-linux-x86_64-debian-clang, r-devel-linux-x86_64-debian-gcc, r-devel-linux-x86_64-fedora-clang, r-devel-linux-x86_64-fedora-gcc, r-patched-linux-x86_64, r-patched-solaris-x86, r-release-linux-x86_64