CRAN Package Check Results for Package Riemann

Last updated on 2021-06-16 09:53:36 CEST.

Flavor Version Tinstall Tcheck Ttotal Status Flags
r-devel-linux-x86_64-debian-clang 0.1.1 203.30 226.45 429.75 OK
r-devel-linux-x86_64-debian-gcc 0.1.1 135.82 168.92 304.74 OK
r-devel-linux-x86_64-fedora-clang 0.1.1 742.55 NOTE
r-devel-linux-x86_64-fedora-gcc 0.1.1 689.76 NOTE
r-devel-windows-x86_64 0.1.1 343.00 288.00 631.00 OK
r-devel-windows-x86_64-gcc10-UCRT 0.1.1 NOTE
r-patched-linux-x86_64 0.1.1 171.26 211.80 383.06 OK
r-patched-solaris-x86 0.1.1 606.30 NOTE
r-release-linux-x86_64 0.1.1 199.00 210.98 409.98 OK
r-release-macos-arm64 0.1.1 WARN
r-release-macos-x86_64 0.1.1 NOTE
r-release-windows-ix86+x86_64 0.1.1 630.00 398.00 1028.00 NOTE
r-oldrel-macos-x86_64 0.1.1 NOTE
r-oldrel-windows-ix86+x86_64 0.1.1 732.00 421.00 1153.00 NOTE

Check Details

Version: 0.1.1
Check: installed package size
Result: NOTE
     installed size is 17.2Mb
     sub-directories of 1Mb or more:
     libs 15.5Mb
Flavors: r-devel-linux-x86_64-fedora-clang, r-release-macos-arm64, r-release-macos-x86_64, r-release-windows-ix86+x86_64, r-oldrel-macos-x86_64, r-oldrel-windows-ix86+x86_64

Version: 0.1.1
Check: dependencies in R code
Result: NOTE
    Namespace in Imports field not imported from: ‘ggrepel’
     All declared Imports should be used.
Flavors: r-devel-linux-x86_64-fedora-clang, r-devel-linux-x86_64-fedora-gcc, r-devel-windows-x86_64-gcc10-UCRT, r-patched-solaris-x86, r-release-macos-arm64, r-release-macos-x86_64, r-oldrel-macos-x86_64

Version: 0.1.1
Check: Rd cross-references
Result: NOTE
    Undeclared packages ‘dtw’, ‘fastcluster’, ‘Rtsne’ in Rd xrefs
Flavor: r-devel-linux-x86_64-fedora-clang

Version: 0.1.1
Check: package dependencies
Result: NOTE
    Package suggested but not available for checking: ‘rgdal’
Flavor: r-release-macos-arm64

Version: 0.1.1
Check: re-building of vignette outputs
Result: WARN
    Error(s) in re-building vignettes:
     ...
    --- re-building ‘RiemannBasic.Rmd’ using rmarkdown
    Warning in engine$weave(file, quiet = quiet, encoding = enc) :
     Pandoc (>= 1.12.3) not available. Falling back to R Markdown v1.
    ** ------------------------------------------------------- **
    ** Riemann || Learning with Data on Riemannian Manifolds
    **
    ** Version : 0.1.1 (2021)
    ** Maintainer : Kisung You (kyoustat@gmail.com)
    ** Website : https://kyoustat.com/Riemann/
    **
    ** Please share any bugs or suggestions to the maintainer.
    ** ------------------------------------------------------- **
    Quitting from lines 57-73 (RiemannBasic.Rmd)
    Error: processing vignette 'RiemannBasic.Rmd' failed with diagnostics:
    `rgdal` must be installed to use `usmap_transform`.
     Use: install.packages("rgdal") and try again.
    --- failed re-building ‘RiemannBasic.Rmd’
    
    SUMMARY: processing the following file failed:
     ‘RiemannBasic.Rmd’
    
    Error: Vignette re-building failed.
    Execution halted
Flavor: r-release-macos-arm64