CRAN Package Check Results for Package Rforestry

Last updated on 2021-06-16 09:53:35 CEST.

Flavor Version Tinstall Tcheck Ttotal Status Flags
r-devel-linux-x86_64-debian-clang 0.9.0.40 145.99 188.42 334.41 OK
r-devel-linux-x86_64-debian-gcc 0.9.0.40 94.40 139.81 234.21 OK
r-devel-linux-x86_64-fedora-clang 0.9.0.40 417.13 NOTE
r-devel-linux-x86_64-fedora-gcc 0.9.0.40 406.35 OK
r-devel-windows-x86_64 0.9.0.40 164.00 197.00 361.00 OK
r-devel-windows-x86_64-gcc10-UCRT 0.9.0.40 OK
r-patched-linux-x86_64 0.9.0.40 110.53 174.45 284.98 OK
r-patched-solaris-x86 0.9.0.40 1354.00 OK
r-release-linux-x86_64 0.9.0.40 118.91 174.56 293.47 OK
r-release-macos-arm64 0.9.0.4 NOTE
r-release-macos-x86_64 0.9.0.40 NOTE
r-release-windows-ix86+x86_64 0.9.0.40 320.00 329.00 649.00 OK
r-oldrel-macos-x86_64 0.9.0.40 NOTE
r-oldrel-windows-ix86+x86_64 0.9.0.40 299.00 353.00 652.00 OK

Additional issues

gcc-UBSAN valgrind

Check Details

Version: 0.9.0.40
Check: installed package size
Result: NOTE
     installed size is 7.0Mb
     sub-directories of 1Mb or more:
     libs 6.8Mb
Flavors: r-devel-linux-x86_64-fedora-clang, r-release-macos-x86_64, r-oldrel-macos-x86_64

Version: 0.9.0.4
Check: installed package size
Result: NOTE
     installed size is 9.6Mb
     sub-directories of 1Mb or more:
     libs 9.4Mb
Flavor: r-release-macos-arm64