CRAN Package Check Results for Package Rfast2

Last updated on 2020-02-21 17:47:58 CET.

Flavor Version Tinstall Tcheck Ttotal Status Flags
r-devel-linux-x86_64-debian-clang 0.0.5 369.87 48.99 418.86 OK
r-devel-linux-x86_64-debian-gcc 0.0.5 251.60 37.63 289.23 OK
r-devel-linux-x86_64-fedora-clang 0.0.5 598.32 NOTE
r-devel-linux-x86_64-fedora-gcc 0.0.5 555.65 OK
r-devel-windows-ix86+x86_64 0.0.5 586.00 92.00 678.00 OK
r-devel-windows-ix86+x86_64-gcc8 0.0.5 947.00 122.00 1069.00 NOTE
r-patched-linux-x86_64 0.0.5 287.93 43.71 331.64 OK
r-patched-solaris-x86 0.0.5 466.90 OK
r-release-linux-x86_64 0.0.5 290.36 44.51 334.87 OK
r-release-windows-ix86+x86_64 0.0.5 609.00 96.00 705.00 OK
r-release-osx-x86_64 0.0.5 NOTE
r-oldrel-windows-ix86+x86_64 0.0.5 597.00 90.00 687.00 OK
r-oldrel-osx-x86_64 0.0.5 NOTE

Check Details

Version: 0.0.5
Check: installed package size
Result: NOTE
     installed size is 21.7Mb
     sub-directories of 1Mb or more:
     libs 21.2Mb
Flavors: r-devel-linux-x86_64-fedora-clang, r-devel-windows-ix86+x86_64-gcc8, r-release-osx-x86_64, r-oldrel-osx-x86_64