CRAN Package Check Results for Package ResearchAssociate

Last updated on 2021-04-15 09:50:13 CEST.

Flavor Version Tinstall Tcheck Ttotal Status Flags
r-devel-linux-x86_64-debian-clang 1.0.1 5.24 54.13 59.37 NOTE
r-devel-linux-x86_64-debian-gcc 1.0.1 4.27 40.52 44.79 NOTE
r-devel-linux-x86_64-fedora-clang 1.0.1 81.14 NOTE
r-devel-linux-x86_64-fedora-gcc 1.0.1 68.12 NOTE
r-devel-windows-ix86+x86_64 1.0.1 16.00 73.00 89.00 NOTE
r-devel-windows-x86_64-gcc10-UCRT 1.0.1 NOTE
r-patched-linux-x86_64 1.0.1 5.35 49.76 55.11 OK
r-patched-solaris-x86 1.0.1 98.10 OK
r-release-linux-x86_64 1.0.1 4.96 50.13 55.09 OK
r-release-macos-x86_64 1.0.1 OK
r-release-windows-ix86+x86_64 1.0.1 23.00 75.00 98.00 OK
r-oldrel-macos-x86_64 1.0.1 NOTE
r-oldrel-windows-ix86+x86_64 1.0.1 10.00 54.00 64.00 NOTE

Check Details

Version: 1.0.1
Check: LazyData
Result: NOTE
     'LazyData' is specified without a 'data' directory
Flavors: r-devel-linux-x86_64-debian-clang, r-devel-linux-x86_64-debian-gcc, r-devel-linux-x86_64-fedora-clang, r-devel-linux-x86_64-fedora-gcc, r-devel-windows-ix86+x86_64, r-devel-windows-x86_64-gcc10-UCRT

Version: 1.0.1
Check: R code for possible problems
Result: NOTE
    Plot.TopJournals: no visible global function definition for ‘plot’
    Plot.TopPapers: no visible global function definition for ‘plot’
    Plot.papertype: no visible global function definition for ‘plot’
    Undefined global functions or variables:
     plot
    Consider adding
     importFrom("graphics", "plot")
    to your NAMESPACE file.
Flavors: r-oldrel-macos-x86_64, r-oldrel-windows-ix86+x86_64