CRAN Package Check Results for Package Renvlp

Last updated on 2021-04-15 09:50:13 CEST.

Flavor Version Tinstall Tcheck Ttotal Status Flags
r-devel-linux-x86_64-debian-clang 2.9 11.49 117.25 128.74 OK
r-devel-linux-x86_64-debian-gcc 2.9 11.77 85.61 97.38 OK
r-devel-linux-x86_64-fedora-clang 2.9 162.58 NOTE
r-devel-linux-x86_64-fedora-gcc 2.9 154.15 OK
r-devel-windows-ix86+x86_64 2.9 23.00 135.00 158.00 OK
r-devel-windows-x86_64-gcc10-UCRT 2.9 OK
r-patched-linux-x86_64 2.9 11.02 107.70 118.72 OK
r-patched-solaris-x86 2.9 172.10 OK
r-release-linux-x86_64 2.9 12.40 108.08 120.48 OK
r-release-macos-x86_64 2.9 OK
r-release-windows-ix86+x86_64 2.9 20.00 138.00 158.00 OK
r-oldrel-macos-x86_64 2.9 OK
r-oldrel-windows-ix86+x86_64 2.9 20.00 97.00 117.00 OK

Check Details

Version: 2.9
Check: Rd cross-references
Result: NOTE
    Undeclared package ‘pls’ in Rd xrefs
Flavor: r-devel-linux-x86_64-fedora-clang