CRAN Package Check Results for Package RcppStreams

Last updated on 2021-04-15 09:50:12 CEST.

Flavor Version Tinstall Tcheck Ttotal Status Flags
r-devel-linux-x86_64-debian-clang 0.1.3 88.90 25.57 114.47 OK
r-devel-linux-x86_64-debian-gcc 0.1.3 60.44 20.20 80.64 OK
r-devel-linux-x86_64-fedora-clang 0.1.3 165.66 NOTE
r-devel-linux-x86_64-fedora-gcc 0.1.3 148.34 OK
r-devel-windows-ix86+x86_64 0.1.3 213.00 75.00 288.00 OK
r-devel-windows-x86_64-gcc10-UCRT 0.1.3 OK
r-patched-linux-x86_64 0.1.3 72.10 24.97 97.07 OK
r-patched-solaris-x86 0.1.3 159.40 OK
r-release-linux-x86_64 0.1.3 75.79 25.13 100.92 OK
r-release-macos-x86_64 0.1.3 NOTE
r-release-windows-ix86+x86_64 0.1.3 172.00 76.00 248.00 OK
r-oldrel-macos-x86_64 0.1.3 NOTE
r-oldrel-windows-ix86+x86_64 0.1.3 188.00 55.00 243.00 OK

Check Details

Version: 0.1.3
Check: installed package size
Result: NOTE
     installed size is 5.6Mb
     sub-directories of 1Mb or more:
     libs 4.8Mb
Flavors: r-devel-linux-x86_64-fedora-clang, r-release-macos-x86_64, r-oldrel-macos-x86_64