CRAN Package Check Results for Package RcppMsgPack

Last updated on 2021-04-15 09:50:12 CEST.

Flavor Version Tinstall Tcheck Ttotal Status Flags
r-devel-linux-x86_64-debian-clang 0.2.3 51.89 67.67 119.56 OK
r-devel-linux-x86_64-debian-gcc 0.2.3 34.42 55.90 90.32 OK
r-devel-linux-x86_64-fedora-clang 0.2.3 163.15 NOTE
r-devel-linux-x86_64-fedora-gcc 0.2.3 153.24 OK
r-devel-windows-ix86+x86_64 0.2.3 120.00 191.00 311.00 NOTE
r-devel-windows-x86_64-gcc10-UCRT 0.2.3 OK
r-patched-linux-x86_64 0.2.3 42.17 67.48 109.65 OK
r-patched-solaris-x86 0.2.3 189.40 NOTE
r-release-linux-x86_64 0.2.3 41.88 65.65 107.53 OK
r-release-macos-x86_64 0.2.3 NOTE
r-release-windows-ix86+x86_64 0.2.3 104.00 213.00 317.00 NOTE
r-oldrel-macos-x86_64 0.2.3 NOTE
r-oldrel-windows-ix86+x86_64 0.2.3 113.00 197.00 310.00 NOTE

Check Details

Version: 0.2.3
Check: installed package size
Result: NOTE
     installed size is 10.3Mb
     sub-directories of 1Mb or more:
     include 7.0Mb
     libs 2.9Mb
Flavors: r-devel-linux-x86_64-fedora-clang, r-devel-windows-ix86+x86_64, r-patched-solaris-x86, r-release-macos-x86_64, r-release-windows-ix86+x86_64, r-oldrel-macos-x86_64, r-oldrel-windows-ix86+x86_64