CRAN Package Check Results for Package RcppMeCab

Last updated on 2021-04-15 09:50:12 CEST.

Flavor Version Tinstall Tcheck Ttotal Status Flags
r-devel-linux-x86_64-debian-clang 0.0.1.2 50.95 26.04 76.99 NOTE
r-devel-linux-x86_64-debian-gcc 0.0.1.2 33.23 20.41 53.64 NOTE
r-devel-linux-x86_64-fedora-clang 0.0.1.2 117.32 NOTE
r-devel-linux-x86_64-fedora-gcc 0.0.1.2 101.13 NOTE
r-devel-windows-ix86+x86_64 0.0.1.2 132.00 87.00 219.00 NOTE
r-devel-windows-x86_64-gcc10-UCRT 0.0.1.2 WARN
r-patched-linux-x86_64 0.0.1.2 43.01 24.80 67.81 NOTE
r-release-linux-x86_64 0.0.1.2 44.32 25.03 69.35 NOTE
r-release-macos-x86_64 0.0.1.2 ERROR
r-release-windows-ix86+x86_64 0.0.1.2 111.00 78.00 189.00 NOTE
r-oldrel-macos-x86_64 0.0.1.2 ERROR
r-oldrel-windows-ix86+x86_64 0.0.1.2 114.00 68.00 182.00 NOTE

Check Details

Version: 0.0.1.2
Check: LazyData
Result: NOTE
     'LazyData' is specified without a 'data' directory
Flavors: r-devel-linux-x86_64-debian-clang, r-devel-linux-x86_64-debian-gcc, r-devel-linux-x86_64-fedora-clang, r-devel-linux-x86_64-fedora-gcc, r-devel-windows-ix86+x86_64, r-devel-windows-x86_64-gcc10-UCRT

Version: 0.0.1.2
Check: for GNU extensions in Makefiles
Result: NOTE
    GNU make is a SystemRequirements.
Flavors: r-devel-linux-x86_64-debian-clang, r-devel-linux-x86_64-debian-gcc, r-devel-linux-x86_64-fedora-clang, r-devel-linux-x86_64-fedora-gcc, r-devel-windows-ix86+x86_64, r-devel-windows-x86_64-gcc10-UCRT, r-patched-linux-x86_64, r-release-linux-x86_64, r-release-windows-ix86+x86_64, r-oldrel-windows-ix86+x86_64

Version: 0.0.1.2
Check: installed package size
Result: NOTE
     installed size is 5.9Mb
     sub-directories of 1Mb or more:
     libs 5.8Mb
Flavors: r-devel-windows-ix86+x86_64, r-release-windows-ix86+x86_64, r-oldrel-windows-ix86+x86_64

Version: 0.0.1.2
Check: package subdirectories
Result: WARN
    Found the following non-empty subdirectories of 'inst' also used by R:
     inst/libs
    It is recommended not to interfere with package subdirectories used by
    R.
Flavor: r-devel-windows-x86_64-gcc10-UCRT

Version: 0.0.1.2
Check: whether package can be installed
Result: ERROR
    Installation failed.
Flavors: r-release-macos-x86_64, r-oldrel-macos-x86_64