CRAN Package Check Results for Package RcppMLPACK

Last updated on 2021-04-15 09:50:12 CEST.

Flavor Version Tinstall Tcheck Ttotal Status Flags
r-devel-linux-x86_64-debian-clang 1.0.10-7 498.26 35.80 534.06 OK
r-devel-linux-x86_64-debian-gcc 1.0.10-7 326.88 29.13 356.01 OK
r-devel-linux-x86_64-fedora-clang 1.0.10-7 794.88 NOTE
r-devel-linux-x86_64-fedora-gcc 1.0.10-7 662.79 OK
r-devel-windows-ix86+x86_64 1.0.10-7 1048.00 89.00 1137.00 NOTE
r-devel-windows-x86_64-gcc10-UCRT 1.0.10-7 OK
r-patched-linux-x86_64 1.0.10-7 375.42 35.54 410.96 OK
r-patched-solaris-x86 1.0.10-7 629.40 NOTE
r-release-linux-x86_64 1.0.10-7 382.64 35.75 418.39 OK
r-release-macos-x86_64 1.0.10-7 WARN
r-release-windows-ix86+x86_64 1.0.10-7 842.00 92.00 934.00 NOTE
r-oldrel-macos-x86_64 1.0.10-7 WARN
r-oldrel-windows-ix86+x86_64 1.0.10-7 901.00 68.00 969.00 NOTE

Check Details

Version: 1.0.10-7
Check: installed package size
Result: NOTE
     installed size is 58.3Mb
     sub-directories of 1Mb or more:
     include 1.9Mb
     lib 43.3Mb
     libs 12.8Mb
Flavors: r-devel-linux-x86_64-fedora-clang, r-devel-windows-ix86+x86_64, r-patched-solaris-x86, r-release-macos-x86_64, r-release-windows-ix86+x86_64, r-oldrel-macos-x86_64, r-oldrel-windows-ix86+x86_64

Version: 1.0.10-7
Check: whether package can be installed
Result: WARN
    Found the following significant warnings:
     WARNING: shared objects/dynamic libraries with hard-coded temporary installation paths
Flavors: r-release-macos-x86_64, r-oldrel-macos-x86_64