CRAN Package Check Results for Package RcppGreedySetCover

Last updated on 2021-04-15 09:50:12 CEST.

Flavor Version Tinstall Tcheck Ttotal Status Flags
r-devel-linux-x86_64-debian-clang 0.1.0 22.33 29.99 52.32 NOTE
r-devel-linux-x86_64-debian-gcc 0.1.0 12.95 23.34 36.29 NOTE
r-devel-linux-x86_64-fedora-clang 0.1.0 77.71 NOTE
r-devel-linux-x86_64-fedora-gcc 0.1.0 61.60 NOTE
r-devel-windows-ix86+x86_64 0.1.0 52.00 75.00 127.00 NOTE
r-devel-windows-x86_64-gcc10-UCRT 0.1.0 NOTE
r-patched-linux-x86_64 0.1.0 18.47 28.25 46.72 OK
r-patched-solaris-x86 0.1.0 77.30 OK
r-release-linux-x86_64 0.1.0 16.14 28.34 44.48 OK
r-release-macos-x86_64 0.1.0 OK
r-release-windows-ix86+x86_64 0.1.0 39.00 75.00 114.00 OK
r-oldrel-macos-x86_64 0.1.0 OK
r-oldrel-windows-ix86+x86_64 0.1.0 46.00 59.00 105.00 OK

Check Details

Version: 0.1.0
Check: LazyData
Result: NOTE
     'LazyData' is specified without a 'data' directory
Flavors: r-devel-linux-x86_64-debian-clang, r-devel-linux-x86_64-debian-gcc, r-devel-linux-x86_64-fedora-clang, r-devel-linux-x86_64-fedora-gcc, r-devel-windows-ix86+x86_64, r-devel-windows-x86_64-gcc10-UCRT