CRAN Package Check Results for Package RcppGSL

Last updated on 2020-03-30 20:48:39 CEST.

Flavor Version Tinstall Tcheck Ttotal Status Flags
r-devel-linux-x86_64-debian-clang 0.3.7 27.08 31.07 58.15 OK
r-devel-linux-x86_64-debian-gcc 0.3.7 16.69 24.66 41.35 OK
r-devel-linux-x86_64-fedora-clang 0.3.7 78.19 OK
r-devel-linux-x86_64-fedora-gcc 0.3.7 70.23 OK
r-devel-windows-ix86+x86_64 0.3.7 54.00 158.00 212.00 OK
r-devel-windows-ix86+x86_64-gcc8 0.3.7 68.00 182.00 250.00 ERROR
r-patched-linux-x86_64 0.3.7 22.15 30.71 52.86 OK
r-patched-solaris-x86 0.3.7 129.80 OK
r-release-linux-x86_64 0.3.7 20.66 28.93 49.59 OK
r-release-windows-ix86+x86_64 0.3.7 66.00 230.00 296.00 OK
r-release-osx-x86_64 0.3.7 OK
r-oldrel-windows-ix86+x86_64 0.3.7 67.00 196.00 263.00 OK
r-oldrel-osx-x86_64 0.3.7 OK

Check Details

Version: 0.3.7
Check: running tests for arch ‘i386’
Result: ERROR
     Running 'tinytest.R' [54s]
    Running the tests in 'tests/tinytest.R' failed.
    Complete output:
     >
     > if (requireNamespace("tinytest", quietly=TRUE) &&
     + utils::packageVersion("tinytest") >= "1.0.0") {
     +
     + ## Set a seed to make the test deterministic
     + set.seed(42)
     +
     + ## R makes us to this
     + Sys.setenv("R_TESTS"="")
     +
     + ## there are several more granular ways to test files in a tinytest directory,
     + ## see its package vignette; tests can also run once the package is installed
     + ## using the same command `test_package(pkgName)`, or by director or file
     + tinytest::test_package("RcppGSL", ncpu=getOption("Ncpus", 1))
     + }
     starting worker pid=177340 on localhost:11928 at 20:39:01.217
    
     Running test_client_package.R......... 1 tests <1b>[0;32mOK<1b>[0m
    
     Running test_fastLm.R................. 25 tests <1b>[0;32mOK<1b>[0m
     D:/Compiler/rtools40/mingw32/bin/../lib/gcc/i686-w64-mingw32/8.3.0/../../../../i686-w64-mingw32/bin/ld.exe: gsl.o:gsl.cpp:(.text+0x2b6): undefined reference to `gsl_matrix_alloc'
     D:/Compiler/rtools40/mingw32/bin/../lib/gcc/i686-w64-mingw32/8.3.0/../../../../i686-w64-mingw32/bin/ld.exe: gsl.o:gsl.cpp:(.text+0x2fa): undefined reference to `gsl_matrix_set'
     D:/Compiler/rtools40/mingw32/bin/../lib/gcc/i686-w64-mingw32/8.3.0/../../../../i686-w64-mingw32/bin/ld.exe: gsl.o:gsl.cpp:(.text+0x340): undefined reference to `gsl_matrix_const_submatrix'
     D:/Compiler/rtools40/mingw32/bin/../lib/gcc/i686-w64-mingw32/8.3.0/../../../../i686-w64-mingw32/bin/ld.exe: gsl.o:gsl.cpp:(.text+0x3ac): undefined reference to `gsl_matrix_get'
     D:/Compiler/rtools40/mingw32/bin/../lib/gcc/i686-w64-mingw32/8.3.0/../../../../i686-w64-mingw32/bin/ld.exe: gsl.o:gsl.cpp:(.text+0x3eb): undefined reference to `gsl_matrix_free'
     D:/Compiler/rtools40/mingw32/bin/../lib/gcc/i686-w64-mingw32/8.3.0/../../../../i686-w64-mingw32/bin/ld.exe: gsl.o:gsl.cpp:(.text+0x47f): undefined reference to `gsl_vector_calloc'
     D:/Compiler/rtools40/mingw32/bin/../lib/gcc/i686-w64-mingw32/8.3.0/../../../../i686-w64-mingw32/bin/ld.exe: gsl.o:gsl.cpp:(.text+0x58c): undefined reference to `gsl_vector_get'
     D:/Compiler/rtools40/mingw32/bin/../lib/gcc/i686-w64-mingw32/8.3.0/../../../../i686-w64-mingw32/bin/ld.exe: gsl.o:gsl.cpp:(.text+0x5c0): undefined reference to `gsl_vector_free'
     D:/Compiler/rtools40/mingw32/bin/../lib/gcc/i686-w64-mingw32/8.3.0/../../../../i686-w64-mingw32/bin/ld.exe: gsl.o:gsl.cpp:(.text+0x638): undefined reference to `gsl_vector_get'
     D:/Compiler/rtools40/mingw32/bin/../lib/gcc/i686-w64-mingw32/8.3.0/../../../../i686-w64-mingw32/bin/ld.exe: gsl.o:gsl.cpp:(.text+0x66c): undefined reference to `gsl_vector_free'
     D:/Compiler/rtools40/mingw32/bin/../lib/gcc/i686-w64-mingw32/8.3.0/../../../../i686-w64-mingw32/bin/ld.exe: gsl.o:gsl.cpp:(.text+0x768): undefined reference to `gsl_vector_get'
     D:/Compiler/rtools40/mingw32/bin/../lib/gcc/i686-w64-mingw32/8.3.0/../../../../i686-w64-mingw32/bin/ld.exe: gsl.o:gsl.cpp:(.text+0x79d): undefined reference to `gsl_vector_free'
     D:/Compiler/rtools40/mingw32/bin/../lib/gcc/i686-w64-mingw32/8.3.0/../../../../i686-w64-mingw32/bin/ld.exe: gsl.o:gsl.cpp:(.text+0x867): undefined reference to `gsl_vector_const_subvector_with_stride'
     D:/Compiler/rtools40/mingw32/bin/../lib/gcc/i686-w64-mingw32/8.3.0/../../../../i686-w64-mingw32/bin/ld.exe: gsl.o:gsl.cpp:(.text+0x8b8): undefined reference to `gsl_vector_get'
     D:/Compiler/rtools40/mingw32/bin/../lib/gcc/i686-w64-mingw32/8.3.0/../../../../i686-w64-mingw32/bin/ld.exe: gsl.o:gsl.cpp:(.text+0x8ec): undefined reference to `gsl_vector_free'
     D:/Compiler/rtools40/mingw32/bin/../lib/gcc/i686-w64-mingw32/8.3.0/../../../../i686-w64-mingw32/bin/ld.exe: gsl.o:gsl.cpp:(.text+0x958): undefined reference to `gsl_vector_get'
     D:/Compiler/rtools40/mingw32/bin/../lib/gcc/i686-w64-mingw32/8.3.0/../../../../i686-w64-mingw32/bin/ld.exe: gsl.o:gsl.cpp:(.text+0x980): undefined reference to `gsl_vector_set'
     D:/Compiler/rtools40/mingw32/bin/../lib/gcc/i686-w64-mingw32/8.3.0/../../../../i686-w64-mingw32/bin/ld.exe: gsl.o:gsl.cpp:(.text+0xa75): undefined reference to `gsl_vector_free'
     D:/Compiler/rtools40/mingw32/bin/../lib/gcc/i686-w64-mingw32/8.3.0/../../../../i686-w64-mingw32/bin/ld.exe: gsl.o:gsl.cpp:(.text+0xbe5): undefined reference to `gsl_matrix_alloc'
     D:/Compiler/rtools40/mingw32/bin/../lib/gcc/i686-w64-mingw32/8.3.0/../../../../i686-w64-mingw32/bin/ld.exe: gsl.o:gsl.cpp:(.text+0xc1b): undefined reference to `gsl_matrix_set'
     D:/Compiler/rtools40/mingw32/bin/../lib/gcc/i686-w64-mingw32/8.3.0/../../../../i686-w64-mingw32/bin/ld.exe: gsl.o:gsl.cpp:(.text+0xd64): undefined reference to `gsl_matrix_get'
     D:/Compiler/rtools40/mingw32/bin/../lib/gcc/i686-w64-mingw32/8.3.0/../../../../i686-w64-mingw32/bin/ld.exe: gsl.o:gsl.cpp:(.text+0xd98): undefined reference to `gsl_matrix_free'
     D:/Compiler/rtools40/mingw32/bin/../lib/gcc/i686-w64-mingw32/8.3.0/../../../../i686-w64-mingw32/bin/ld.exe: gsl.o:gsl.cpp:(.text+0xe2c): undefined reference to `gsl_matrix_get'
     D:/Compiler/rtools40/mingw32/bin/../lib/gcc/i686-w64-mingw32/8.3.0/../../../../i686-w64-mingw32/bin/ld.exe: gsl.o:gsl.cpp:(.text+0xe58): undefined reference to `gsl_matrix_set'
     D:/Compiler/rtools40/mingw32/bin/../lib/gcc/i686-w64-mingw32/8.3.0/../../../../i686-w64-mingw32/bin/ld.exe: gsl.o:gsl.cpp:(.text+0xf2b): undefined reference to `gsl_matrix_free'
     D:/Compiler/rtools40/mingw32/bin/../lib/gcc/i686-w64-mingw32/8.3.0/../../../../i686-w64-mingw32/bin/ld.exe: gsl.o:gsl.cpp:(.text+0x1435): undefined reference to `gsl_vector_int_calloc'
     D:/Compiler/rtools40/mingw32/bin/../lib/gcc/i686-w64-mingw32/8.3.0/../../../../i686-w64-mingw32/bin/ld.exe: gsl.o:gsl.cpp:(.text+0x144c): undefined reference to `gsl_vector_int_set'
     D:/Compiler/rtools40/mingw32/bin/../lib/gcc/i686-w64-mingw32/8.3.0/../../../../i686-w64-mingw32/bin/ld.exe: gsl.o:gsl.cpp:(.text+0x15f8): undefined reference to `gsl_vector_int_free'
     D:/Compiler/rtools40/mingw32/bin/../lib/gcc/i686-w64-mingw32/8.3.0/../../../../i686-w64-mingw32/bin/ld.exe: gsl.o:gsl.cpp:(.text+0x1710): undefined reference to `gsl_matrix_alloc'
     D:/Compiler/rtools40/mingw32/bin/../lib/gcc/i686-w64-mingw32/8.3.0/../../../../i686-w64-mingw32/bin/ld.exe: gsl.o:gsl.cpp:(.text+0x1743): undefined reference to `gsl_matrix_set'
     D:/Compiler/rtools40/mingw32/bin/../lib/gcc/i686-w64-mingw32/8.3.0/../../../../i686-w64-mingw32/bin/ld.exe: gsl.o:gsl.cpp:(.text+0x1792): undefined reference to `gsl_matrix_submatrix'
     D:/Compiler/rtools40/mingw32/bin/../lib/gcc/i686-w64-mingw32/8.3.0/../../../../i686-w64-mingw32/bin/ld.exe: gsl.o:gsl.cpp:(.text+0x1a20): undefined reference to `gsl_matrix_free'
     D:/Compiler/rtools40/mingw32/bin/../lib/gcc/i686-w64-mingw32/8.3.0/../../../../i686-w64-mingw32/bin/ld.exe: gsl.o:gsl.cpp:(.text+0x1ae6): undefined reference to `gsl_vector_calloc'
     D:/Compiler/rtools40/mingw32/bin/../lib/gcc/i686-w64-mingw32/8.3.0/../../../../i686-w64-mingw32/bin/ld.exe: gsl.o:gsl.cpp:(.text+0x1b09): undefined reference to `gsl_vector_set'
     D:/Compiler/rtools40/mingw32/bin/../lib/gcc/i686-w64-mingw32/8.3.0/../../../../i686-w64-mingw32/bin/ld.exe: gsl.o:gsl.cpp:(.text+0x1b3e): undefined reference to `gsl_vector_subvector_with_stride'
     D:/Compiler/rtools40/mingw32/bin/../lib/gcc/i686-w64-mingw32/8.3.0/../../../../i686-w64-mingw32/bin/ld.exe: gsl.o:gsl.cpp:(.text+0x1b68): undefined reference to `gsl_vector_subvector_with_stride'
     D:/Compiler/rtools40/mingw32/bin/../lib/gcc/i686-w64-mingw32/8.3.0/../../../../i686-w64-mingw32/bin/ld.exe: gsl.o:gsl.cpp:(.text+0x1f33): undefined reference to `gsl_vector_free'
     D:/Compiler/rtools40/mingw32/bin/../lib/gcc/i686-w64-mingw32/8.3.0/../../../../i686-w64-mingw32/bin/ld.exe: gsl.o:gsl.cpp:(.text+0x2001): undefined reference to `gsl_matrix_alloc'
     D:/Compiler/rtools40/mingw32/bin/../lib/gcc/i686-w64-mingw32/8.3.0/../../../../i686-w64-mingw32/bin/ld.exe: gsl.o:gsl.cpp:(.text+0x2040): undefined reference to `gsl_matrix_set'
     D:/Compiler/rtools40/mingw32/bin/../lib/gcc/i686-w64-mingw32/8.3.0/../../../../i686-w64-mingw32/bin/ld.exe: gsl.o:gsl.cpp:(.text+0x2092): undefined reference to `gsl_matrix_const_submatrix'
     D:/Compiler/rtools40/mingw32/bin/../lib/gcc/i686-w64-mingw32/8.3.0/../../../../i686-w64-mingw32/bin/ld.exe: gsl.o:gsl.cpp:(.text+0x238a): undefined reference to `gsl_matrix_free'
     D:/Compiler/rtools40/mingw32/bin/../lib/gcc/i686-w64-mingw32/8.3.0/../../../../i686-w64-mingw32/bin/ld.exe: gsl.o:gsl.cpp:(.text+0x245f): undefined reference to `gsl_matrix_alloc'
     D:/Compiler/rtools40/mingw32/bin/../lib/gcc/i686-w64-mingw32/8.3.0/../../../../i686-w64-mingw32/bin/ld.exe: gsl.o:gsl.cpp:(.text+0x246d): undefined reference to `gsl_matrix_set_identity'
     D:/Compiler/rtools40/mingw32/bin/../lib/gcc/i686-w64-mingw32/8.3.0/../../../../i686-w64-mingw32/bin/ld.exe: gsl.o:gsl.cpp:(.text+0x2481): undefined reference to `gsl_matrix_float_alloc'
     D:/Compiler/rtools40/mingw32/bin/../lib/gcc/i686-w64-mingw32/8.3.0/../../../../i686-w64-mingw32/bin/ld.exe: gsl.o:gsl.cpp:(.text+0x248f): undefined reference to `gsl_matrix_float_set_identity'
     D:/Compiler/rtools40/mingw32/bin/../lib/gcc/i686-w64-mingw32/8.3.0/../../../../i686-w64-mingw32/bin/ld.exe: gsl.o:gsl.cpp:(.text+0x24a3): undefined reference to `gsl_matrix_int_alloc'
     D:/Compiler/rtools40/mingw32/bin/../lib/gcc/i686-w64-mingw32/8.3.0/../../../../i686-w64-mingw32/bin/ld.exe: gsl.o:gsl.cpp:(.text+0x24b3): undefined reference to `gsl_matrix_int_set_identity'
     D:/Compiler/rtools40/mingw32/bin/../lib/gcc/i686-w64-mingw32/8.3.0/../../../../i686-w64-mingw32/bin/ld.exe: gsl.o:gsl.cpp:(.text+0x24c7): undefined reference to `gsl_matrix_char_alloc'
     D:/Compiler/rtools40/mingw32/bin/../lib/gcc/i686-w64-mingw32/8.3.0/../../../../i686-w64-mingw32/bin/ld.exe: gsl.o:gsl.cpp:(.text+0x24d7): undefined reference to `gsl_matrix_char_set_identity'
     D:/Compiler/rtools40/mingw32/bin/../lib/gcc/i686-w64-mingw32/8.3.0/../../../../i686-w64-mingw32/bin/ld.exe: gsl.o:gsl.cpp:(.text+0x24eb): undefined reference to `gsl_matrix_complex_alloc'
     D:/Compiler/rtools40/mingw32/bin/../lib/gcc/i686-w64-mingw32/8.3.0/../../../../i686-w64-mingw32/bin/ld.exe: gsl.o:gsl.cpp:(.text+0x24f9): undefined reference to `gsl_matrix_complex_set_identity'
     D:/Compiler/rtools40/mingw32/bin/../lib/gcc/i686-w64-mingw32/8.3.0/../../../../i686-w64-mingw32/bin/ld.exe: gsl.o:gsl.cpp:(.text+0x250d): undefined reference to `gsl_matrix_complex_float_alloc'
     D:/Compiler/rtools40/mingw32/bin/../lib/gcc/i686-w64-mingw32/8.3.0/../../../../i686-w64-mingw32/bin/ld.exe: gsl.o:gsl.cpp:(.text+0x251b): undefined reference to `gsl_matrix_complex_float_set_identity'
     D:/Compiler/rtools40/mingw32/bin/../lib/gcc/i686-w64-mingw32/8.3.0/../../../../i686-w64-mingw32/bin/ld.exe: gsl.o:gsl.cpp:(.text+0x252f): undefined reference to `gsl_matrix_complex_long_double_alloc'
     D:/Compiler/rtools40/mingw32/bin/../lib/gcc/i686-w64-mingw32/8.3.0/../../../../i686-w64-mingw32/bin/ld.exe: gsl.o:gsl.cpp:(.text+0x253d): undefined reference to `gsl_matrix_complex_long_double_set_identity'
     D:/Compiler/rtools40/mingw32/bin/../lib/gcc/i686-w64-mingw32/8.3.0/../../../../i686-w64-mingw32/bin/ld.exe: gsl.o:gsl.cpp:(.text+0x2551): undefined reference to `gsl_matrix_long_double_alloc'
     D:/Compiler/rtools40/mingw32/bin/../lib/gcc/i686-w64-mingw32/8.3.0/../../../../i686-w64-mingw32/bin/ld.exe: gsl.o:gsl.cpp:(.text+0x255f): undefined reference to `gsl_matrix_long_double_set_identity'
     D:/Compiler/rtools40/mingw32/bin/../lib/gcc/i686-w64-mingw32/8.3.0/../../../../i686-w64-mingw32/bin/ld.exe: gsl.o:gsl.cpp:(.text+0x2573): undefined reference to `gsl_matrix_short_alloc'
     D:/Compiler/rtools40/mingw32/bin/../lib/gcc/i686-w64-mingw32/8.3.0/../../../../i686-w64-mingw32/bin/ld.exe: gsl.o:gsl.cpp:(.text+0x2581): undefined reference to `gsl_matrix_short_set_identity'
     D:/Compiler/rtools40/mingw32/bin/../lib/gcc/i686-w64-mingw32/8.3.0/../../../../i686-w64-mingw32/bin/ld.exe: gsl.o:gsl.cpp:(.text+0x2595): undefined reference to `gsl_matrix_uchar_alloc'
     D:/Compiler/rtools40/mingw32/bin/../lib/gcc/i686-w64-mingw32/8.3.0/../../../../i686-w64-mingw32/bin/ld.exe: gsl.o:gsl.cpp:(.text+0x25a3): undefined reference to `gsl_matrix_uchar_set_identity'
     D:/Compiler/rtools40/mingw32/bin/../lib/gcc/i686-w64-mingw32/8.3.0/../../../../i686-w64-mingw32/bin/ld.exe: gsl.o:gsl.cpp:(.text+0x25b7): undefined reference to `gsl_matrix_uint_alloc'
     D:/Compiler/rtools40/mingw32/bin/../lib/gcc/i686-w64-mingw32/8.3.0/../../../../i686-w64-mingw32/bin/ld.exe: gsl.o:gsl.cpp:(.text+0x25c5): undefined reference to `gsl_matrix_uint_set_identity'
     D:/Compiler/rtools40/mingw32/bin/../lib/gcc/i686-w64-mingw32/8.3.0/../../../../i686-w64-mingw32/bin/ld.exe: gsl.o:gsl.cpp:(.text+0x25d9): undefined reference to `gsl_matrix_ushort_alloc'
     D:/Compiler/rtools40/mingw32/bin/../lib/gcc/i686-w64-mingw32/8.3.0/../../../../i686-w64-mingw32/bin/ld.exe: gsl.o:gsl.cpp:(.text+0x25e7): undefined reference to `gsl_matrix_ushort_set_identity'
     D:/Compiler/rtools40/mingw32/bin/../lib/gcc/i686-w64-mingw32/8.3.0/../../../../i686-w64-mingw32/bin/ld.exe: gsl.o:gsl.cpp:(.text+0x2c88): undefined reference to `gsl_matrix_free'
     D:/Compiler/rtools40/mingw32/bin/../lib/gcc/i686-w64-mingw32/8.3.0/../../../../i686-w64-mingw32/bin/ld.exe: gsl.o:gsl.cpp:(.text+0x2c96): undefined reference to `gsl_matrix_float_free'
     D:/Compiler/rtools40/mingw32/bin/../lib/gcc/i686-w64-mingw32/8.3.0/../../../../i686-w64-mingw32/bin/ld.exe: gsl.o:gsl.cpp:(.text+0x2ca4): undefined reference to `gsl_matrix_int_free'
     D:/Compiler/rtools40/mingw32/bin/../lib/gcc/i686-w64-mingw32/8.3.0/../../../../i686-w64-mingw32/bin/ld.exe: gsl.o:gsl.cpp:(.text+0x2cb2): undefined reference to `gsl_matrix_char_free'
     D:/Compiler/rtools40/mingw32/bin/../lib/gcc/i686-w64-mingw32/8.3.0/../../../../i686-w64-mingw32/bin/ld.exe: gsl.o:gsl.cpp:(.text+0x2cc0): undefined reference to `gsl_matrix_complex_free'
     D:/Compiler/rtools40/mingw32/bin/../lib/gcc/i686-w64-mingw32/8.3.0/../../../../i686-w64-mingw32/bin/ld.exe: gsl.o:gsl.cpp:(.text+0x2cce): undefined reference to `gsl_matrix_complex_float_free'
     D:/Compiler/rtools40/mingw32/bin/../lib/gcc/i686-w64-mingw32/8.3.0/../../../../i686-w64-mingw32/bin/ld.exe: gsl.o:gsl.cpp:(.text+0x2cdc): undefined reference to `gsl_matrix_complex_long_double_free'
     D:/Compiler/rtools40/mingw32/bin/../lib/gcc/i686-w64-mingw32/8.3.0/../../../../i686-w64-mingw32/bin/ld.exe: gsl.o:gsl.cpp:(.text+0x2cea): undefined reference to `gsl_matrix_long_double_free'
     D:/Compiler/rtools40/mingw32/bin/../lib/gcc/i686-w64-mingw32/8.3.0/../../../../i686-w64-mingw32/bin/ld.exe: gsl.o:gsl.cpp:(.text+0x2cf8): undefined reference to `gsl_matrix_short_free'
     D:/Compiler/rtools40/mingw32/bin/../lib/gcc/i686-w64-mingw32/8.3.0/../../../../i686-w64-mingw32/bin/ld.exe: gsl.o:gsl.cpp:(.text+0x2d06): undefined reference to `gsl_matrix_uchar_free'
     D:/Compiler/rtools40/mingw32/bin/../lib/gcc/i686-w64-mingw32/8.3.0/../../../../i686-w64-mingw32/bin/ld.exe: gsl.o:gsl.cpp:(.text+0x2d14): undefined reference to `gsl_matrix_uint_free'
     D:/Compiler/rtools40/mingw32/bin/../lib/gcc/i686-w64-mingw32/8.3.0/../../../../i686-w64-mingw32/bin/ld.exe: gsl.o:gsl.cpp:(.text+0x2d22): undefined reference to `gsl_matrix_ushort_free'
     D:/Compiler/rtools40/mingw32/bin/../lib/gcc/i686-w64-mingw32/8.3.0/../../../../i686-w64-mingw32/bin/ld.exe: gsl.o:gsl.cpp:(.text+0x3a94): undefined reference to `gsl_vector_calloc'
     D:/Compiler/rtools40/mingw32/bin/../lib/gcc/i686-w64-mingw32/8.3.0/../../../../i686-w64-mingw32/bin/ld.exe: gsl.o:gsl.cpp:(.text+0x3aad): undefined reference to `gsl_vector_float_calloc'
     D:/Compiler/rtools40/mingw32/bin/../lib/gcc/i686-w64-mingw32/8.3.0/../../../../i686-w64-mingw32/bin/ld.exe: gsl.o:gsl.cpp:(.text+0x3ac6): undefined reference to `gsl_vector_int_calloc'
     D:/Compiler/rtools40/mingw32/bin/../lib/gcc/i686-w64-mingw32/8.3.0/../../../../i686-w64-mingw32/bin/ld.exe: gsl.o:gsl.cpp:(.text+0x3adf): undefined reference to `gsl_vector_char_calloc'
     D:/Compiler/rtools40/mingw32/bin/../lib/gcc/i686-w64-mingw32/8.3.0/../../../../i686-w64-mingw32/bin/ld.exe: gsl.o:gsl.cpp:(.text+0x3af8): undefined reference to `gsl_vector_long_double_calloc'
     D:/Compiler/rtools40/mingw32/bin/../lib/gcc/i686-w64-mingw32/8.3.0/../../../../i686-w64-mingw32/bin/ld.exe: gsl.o:gsl.cpp:(.text+0x3b11): undefined reference to `gsl_vector_short_calloc'
     D:/Compiler/rtools40/mingw32/bin/../lib/gcc/i686-w64-mingw32/8.3.0/../../../../i686-w64-mingw32/bin/ld.exe: gsl.o:gsl.cpp:(.text+0x3b2a): undefined reference to `gsl_vector_uchar_calloc'
     D:/Compiler/rtools40/mingw32/bin/../lib/gcc/i686-w64-mingw32/8.3.0/../../../../i686-w64-mingw32/bin/ld.exe: gsl.o:gsl.cpp:(.text+0x3b43): undefined reference to `gsl_vector_uint_calloc'
     D:/Compiler/rtools40/mingw32/bin/../lib/gcc/i686-w64-mingw32/8.3.0/../../../../i686-w64-mingw32/bin/ld.exe: gsl.o:gsl.cpp:(.text+0x3b5c): undefined reference to `gsl_vector_ushort_calloc'
     D:/Compiler/rtools40/mingw32/bin/../lib/gcc/i686-w64-mingw32/8.3.0/../../../../i686-w64-mingw32/bin/ld.exe: gsl.o:gsl.cpp:(.text+0x3b75): undefined reference to `gsl_vector_complex_calloc'
     D:/Compiler/rtools40/mingw32/bin/../lib/gcc/i686-w64-mingw32/8.3.0/../../../../i686-w64-mingw32/bin/ld.exe: gsl.o:gsl.cpp:(.text+0x3b8e): undefined reference to `gsl_vector_complex_float_calloc'
     D:/Compiler/rtools40/mingw32/bin/../lib/gcc/i686-w64-mingw32/8.3.0/../../../../i686-w64-mingw32/bin/ld.exe: gsl.o:gsl.cpp:(.text+0x3ba7): undefined reference to `gsl_vector_complex_long_double_calloc'
     D:/Compiler/rtools40/mingw32/bin/../lib/gcc/i686-w64-mingw32/8.3.0/../../../../i686-w64-mingw32/bin/ld.exe: gsl.o:gsl.cpp:(.text+0x4286): undefined reference to `gsl_vector_free'
     D:/Compiler/rtools40/mingw32/bin/../lib/gcc/i686-w64-mingw32/8.3.0/../../../../i686-w64-mingw32/bin/ld.exe: gsl.o:gsl.cpp:(.text+0x42b2): undefined reference to `gsl_vector_float_free'
     D:/Compiler/rtools40/mingw32/bin/../lib/gcc/i686-w64-mingw32/8.3.0/../../../../i686-w64-mingw32/bin/ld.exe: gsl.o:gsl.cpp:(.text+0x42de): undefined reference to `gsl_vector_int_free'
     D:/Compiler/rtools40/mingw32/bin/../lib/gcc/i686-w64-mingw32/8.3.0/../../../../i686-w64-mingw32/bin/ld.exe: gsl.o:gsl.cpp:(.text+0x430a): undefined reference to `gsl_vector_char_free'
     D:/Compiler/rtools40/mingw32/bin/../lib/gcc/i686-w64-mingw32/8.3.0/../../../../i686-w64-mingw32/bin/ld.exe: gsl.o:gsl.cpp:(.text+0x4336): undefined reference to `gsl_vector_long_double_free'
     D:/Compiler/rtools40/mingw32/bin/../lib/gcc/i686-w64-mingw32/8.3.0/../../../../i686-w64-mingw32/bin/ld.exe: gsl.o:gsl.cpp:(.text+0x4362): undefined reference to `gsl_vector_short_free'
     D:/Compiler/rtools40/mingw32/bin/../lib/gcc/i686-w64-mingw32/8.3.0/../../../../i686-w64-mingw32/bin/ld.exe: gsl.o:gsl.cpp:(.text+0x438e): undefined reference to `gsl_vector_uchar_free'
     D:/Compiler/rtools40/mingw32/bin/../lib/gcc/i686-w64-mingw32/8.3.0/../../../../i686-w64-mingw32/bin/ld.exe: gsl.o:gsl.cpp:(.text+0x43ba): undefined reference to `gsl_vector_uint_free'
     D:/Compiler/rtools40/mingw32/bin/../lib/gcc/i686-w64-mingw32/8.3.0/../../../../i686-w64-mingw32/bin/ld.exe: gsl.o:gsl.cpp:(.text+0x43e6): undefined reference to `gsl_vector_ushort_free'
     D:/Compiler/rtools40/mingw32/bin/../lib/gcc/i686-w64-mingw32/8.3.0/../../../../i686-w64-mingw32/bin/ld.exe: gsl.o:gsl.cpp:(.text+0x4412): undefined reference to `gsl_vector_complex_free'
     D:/Compiler/rtools40/mingw32/bin/../lib/gcc/i686-w64-mingw32/8.3.0/../../../../i686-w64-mingw32/bin/ld.exe: gsl.o:gsl.cpp:(.text+0x443e): undefined reference to `gsl_vector_complex_float_free'
     D:/Compiler/rtools40/mingw32/bin/../lib/gcc/i686-w64-mingw32/8.3.0/../../../../i686-w64-mingw32/bin/ld.exe: gsl.o:gsl.cpp:(.text+0x446a): undefined reference to `gsl_vector_complex_long_double_free'
     D:/Compiler/rtools40/mingw32/bin/../lib/gcc/i686-w64-mingw32/8.3.0/../../../../i686-w64-mingw32/bin/ld.exe: gsl.o:gsl.cpp:(.text+0x4485): undefined reference to `gsl_vector_complex_float_free'
     D:/Compiler/rtools40/mingw32/bin/../lib/gcc/i686-w64-mingw32/8.3.0/../../../../i686-w64-mingw32/bin/ld.exe: gsl.o:gsl.cpp:(.text+0x44a0): undefined reference to `gsl_vector_complex_free'
     D:/Compiler/rtools40/mingw32/bin/../lib/gcc/i686-w64-mingw32/8.3.0/../../../../i686-w64-mingw32/bin/ld.exe: gsl.o:gsl.cpp:(.text+0x44bb): undefined reference to `gsl_vector_ushort_free'
     D:/Compiler/rtools40/mingw32/bin/../lib/gcc/i686-w64-mingw32/8.3.0/../../../../i686-w64-mingw32/bin/ld.exe: gsl.o:gsl.cpp:(.text+0x44d6): undefined reference to `gsl_vector_uint_free'
     D:/Compiler/rtools40/mingw32/bin/../lib/gcc/i686-w64-mingw32/8.3.0/../../../../i686-w64-mingw32/bin/ld.exe: gsl.o:gsl.cpp:(.text+0x44f1): undefined reference to `gsl_vector_uchar_free'
     D:/Compiler/rtools40/mingw32/bin/../lib/gcc/i686-w64-mingw32/8.3.0/../../../../i686-w64-mingw32/bin/ld.exe: gsl.o:gsl.cpp:(.text+0x450c): undefined reference to `gsl_vector_short_free'
     D:/Compiler/rtools40/mingw32/bin/../lib/gcc/i686-w64-mingw32/8.3.0/../../../../i686-w64-mingw32/bin/ld.exe: gsl.o:gsl.cpp:(.text+0x4527): undefined reference to `gsl_vector_long_double_free'
     D:/Compiler/rtools40/mingw32/bin/../lib/gcc/i686-w64-mingw32/8.3.0/../../../../i686-w64-mingw32/bin/ld.exe: gsl.o:gsl.cpp:(.text+0x4542): undefined reference to `gsl_vector_char_free'
     D:/Compiler/rtools40/mingw32/bin/../lib/gcc/i686-w64-mingw32/8.3.0/../../../../i686-w64-mingw32/bin/ld.exe: gsl.o:gsl.cpp:(.text+0x455d): undefined reference to `gsl_vector_int_free'
     D:/Compiler/rtools40/mingw32/bin/../lib/gcc/i686-w64-mingw32/8.3.0/../../../../i686-w64-mingw32/bin/ld.exe: gsl.o:gsl.cpp:(.text+0x4578): undefined reference to `gsl_vector_float_free'
     D:/Compiler/rtools40/mingw32/bin/../lib/gcc/i686-w64-mingw32/8.3.0/../../../../i686-w64-mingw32/bin/ld.exe: gsl.o:gsl.cpp:(.text+0x4593): undefined reference to `gsl_vector_free'
     D:/Compiler/rtools40/mingw32/bin/../lib/gcc/i686-w64-mingw32/8.3.0/../../../../i686-w64-mingw32/bin/ld.exe: gsl.o:gsl.cpp:(.text+0x4797): undefined reference to `gsl_vector_calloc'
     D:/Compiler/rtools40/mingw32/bin/../lib/gcc/i686-w64-mingw32/8.3.0/../../../../i686-w64-mingw32/bin/ld.exe: gsl.o:gsl.cpp:(.text+0x47a9): undefined reference to `gsl_vector_float_calloc'
     D:/Compiler/rtools40/mingw32/bin/../lib/gcc/i686-w64-mingw32/8.3.0/../../../../i686-w64-mingw32/bin/ld.exe: gsl.o:gsl.cpp:(.text+0x47bb): undefined reference to `gsl_vector_int_calloc'
     D:/Compiler/rtools40/mingw32/bin/../lib/gcc/i686-w64-mingw32/8.3.0/../../../../i686-w64-mingw32/bin/ld.exe: gsl.o:gsl.cpp:(.text+0x47cd): undefined reference to `gsl_vector_char_calloc'
     D:/Compiler/rtools40/mingw32/bin/../lib/gcc/i686-w64-mingw32/8.3.0/../../../../i686-w64-mingw32/bin/ld.exe: gsl.o:gsl.cpp:(.text+0x47df): undefined reference to `gsl_vector_complex_calloc'
     D:/Compiler/rtools40/mingw32/bin/../lib/gcc/i686-w64-mingw32/8.3.0/../../../../i686-w64-mingw32/bin/ld.exe: gsl.o:gsl.cpp:(.text+0x47f1): undefined reference to `gsl_vector_complex_float_calloc'
     D:/Compiler/rtools40/mingw32/bin/../lib/gcc/i686-w64-mingw32/8.3.0/../../../../i686-w64-mingw32/bin/ld.exe: gsl.o:gsl.cpp:(.text+0x4803): undefined reference to `gsl_vector_complex_long_double_calloc'
     D:/Compiler/rtools40/mingw32/bin/../lib/gcc/i686-w64-mingw32/8.3.0/../../../../i686-w64-mingw32/bin/ld.exe: gsl.o:gsl.cpp:(.text+0x4815): undefined reference to `gsl_vector_long_double_calloc'
     D:/Compiler/rtools40/mingw32/bin/../lib/gcc/i686-w64-mingw32/8.3.0/../../../../i686-w64-mingw32/bin/ld.exe: gsl.o:gsl.cpp:(.text+0x4827): undefined reference to `gsl_vector_short_calloc'
     D:/Compiler/rtools40/mingw32/bin/../lib/gcc/i686-w64-mingw32/8.3.0/../../../../i686-w64-mingw32/bin/ld.exe: gsl.o:gsl.cpp:(.text+0x4839): undefined reference to `gsl_vector_uchar_calloc'
     D:/Compiler/rtools40/mingw32/bin/../lib/gcc/i686-w64-mingw32/8.3.0/../../../../i686-w64-mingw32/bin/ld.exe: gsl.o:gsl.cpp:(.text+0x484b): undefined reference to `gsl_vector_uint_calloc'
     D:/Compiler/rtools40/mingw32/bin/../lib/gcc/i686-w64-mingw32/8.3.0/../../../../i686-w64-mingw32/bin/ld.exe: gsl.o:gsl.cpp:(.text+0x485f): undefined reference to `gsl_vector_ushort_calloc'
     D:/Compiler/rtools40/mingw32/bin/../lib/gcc/i686-w64-mingw32/8.3.0/../../../../i686-w64-mingw32/bin/ld.exe: gsl.o:gsl.cpp:(.text+0x4f30): undefined reference to `gsl_vector_free'
     D:/Compiler/rtools40/mingw32/bin/../lib/gcc/i686-w64-mingw32/8.3.0/../../../../i686-w64-mingw32/bin/ld.exe: gsl.o:gsl.cpp:(.text+0x4f3e): undefined reference to `gsl_vector_float_free'
     D:/Compiler/rtools40/mingw32/bin/../lib/gcc/i686-w64-mingw32/8.3.0/../../../../i686-w64-mingw32/bin/ld.exe: gsl.o:gsl.cpp:(.text+0x4f4c): undefined reference to `gsl_vector_int_free'
     D:/Compiler/rtools40/mingw32/bin/../lib/gcc/i686-w64-mingw32/8.3.0/../../../../i686-w64-mingw32/bin/ld.exe: gsl.o:gsl.cpp:(.text+0x4f5a): undefined reference to `gsl_vector_char_free'
     D:/Compiler/rtools40/mingw32/bin/../lib/gcc/i686-w64-mingw32/8.3.0/../../../../i686-w64-mingw32/bin/ld.exe: gsl.o:gsl.cpp:(.text+0x4f68): undefined reference to `gsl_vector_complex_free'
     D:/Compiler/rtools40/mingw32/bin/../lib/gcc/i686-w64-mingw32/8.3.0/../../../../i686-w64-mingw32/bin/ld.exe: gsl.o:gsl.cpp:(.text+0x4f76): undefined reference to `gsl_vector_complex_float_free'
     D:/Compiler/rtools40/mingw32/bin/../lib/gcc/i686-w64-mingw32/8.3.0/../../../../i686-w64-mingw32/bin/ld.exe: gsl.o:gsl.cpp:(.text+0x4f84): undefined reference to `gsl_vector_complex_long_double_free'
     D:/Compiler/rtools40/mingw32/bin/../lib/gcc/i686-w64-mingw32/8.3.0/../../../../i686-w64-mingw32/bin/ld.exe: gsl.o:gsl.cpp:(.text+0x4f92): undefined reference to `gsl_vector_long_double_free'
     D:/Compiler/rtools40/mingw32/bin/../lib/gcc/i686-w64-mingw32/8.3.0/../../../../i686-w64-mingw32/bin/ld.exe: gsl.o:gsl.cpp:(.text+0x4fa0): undefined reference to `gsl_vector_short_free'
     D:/Compiler/rtools40/mingw32/bin/../lib/gcc/i686-w64-mingw32/8.3.0/../../../../i686-w64-mingw32/bin/ld.exe: gsl.o:gsl.cpp:(.text+0x4fae): undefined reference to `gsl_vector_uchar_free'
     D:/Compiler/rtools40/mingw32/bin/../lib/gcc/i686-w64-mingw32/8.3.0/../../../../i686-w64-mingw32/bin/ld.exe: gsl.o:gsl.cpp:(.text+0x4fbc): undefined reference to `gsl_vector_uint_free'
     D:/Compiler/rtools40/mingw32/bin/../lib/gcc/i686-w64-mingw32/8.3.0/../../../../i686-w64-mingw32/bin/ld.exe: gsl.o:gsl.cpp:(.text+0x4fca): undefined reference to `gsl_vector_ushort_free'
     D:/Compiler/rtools40/mingw32/bin/../lib/gcc/i686-w64-mingw32/8.3.0/../../../../i686-w64-mingw32/bin/ld.exe: gsl.o:gsl.cpp:(.text+0x5179): undefined reference to `gsl_vector_calloc'
     D:/Compiler/rtools40/mingw32/bin/../lib/gcc/i686-w64-mingw32/8.3.0/../../../../i686-w64-mingw32/bin/ld.exe: gsl.o:gsl.cpp:(.text+0x51a6): undefined reference to `gsl_vector_set'
     D:/Compiler/rtools40/mingw32/bin/../lib/gcc/i686-w64-mingw32/8.3.0/../../../../i686-w64-mingw32/bin/ld.exe: gsl.o:gsl.cpp:(.text+0x51de): undefined reference to `gsl_vector_const_subvector_with_stride'
     D:/Compiler/rtools40/mingw32/bin/../lib/gcc/i686-w64-mingw32/8.3.0/../../../../i686-w64-mingw32/bin/ld.exe: gsl.o:gsl.cpp:(.text+0x526b): undefined reference to `gsl_vector_const_subvector_with_stride'
     D:/Compiler/rtools40/mingw32/bin/../lib/gcc/i686-w64-mingw32/8.3.0/../../../../i686-w64-mingw32/bin/ld.exe: gsl.o:gsl.cpp:(.text+0x55a6): undefined reference to `gsl_vector_free'
     D:/Compiler/rtools40/mingw32/bin/../lib/gcc/i686-w64-mingw32/8.3.0/../../../../i686-w64-mingw32/bin/ld.exe: gsl.o:gsl.cpp:(.text.unlikely+0x13): undefined reference to `gsl_vector_free'
     D:/Compiler/rtools40/mingw32/bin/../lib/gcc/i686-w64-mingw32/8.3.0/../../../../i686-w64-mingw32/bin/ld.exe: gsl.o:gsl.cpp:(.text.unlikely+0x3b): undefined reference to `gsl_matrix_free'
     D:/Compiler/rtools40/mingw32/bin/../lib/gcc/i686-w64-mingw32/8.3.0/../../../../i686-w64-mingw32/bin/ld.exe: gsl.o:gsl.cpp:(.text.unlikely+0x3c1): undefined reference to `gsl_vector_int_free'
     D:/Compiler/rtools40/mingw32/bin/../lib/gcc/i686-w64-mingw32/8.3.0/../../../../i686-w64-mingw32/bin/ld.exe: gsl.o:gsl.cpp:(.text.unlikely+0x1fda): undefined reference to `gsl_vector_complex_long_double_free'
     D:/Compiler/rtools40/mingw32/bin/../lib/gcc/i686-w64-mingw32/8.3.0/../../../../i686-w64-mingw32/bin/ld.exe: gsl.o:gsl.cpp:(.text.unlikely+0x1ff5): undefined reference to `gsl_vector_complex_float_free'
     D:/Compiler/rtools40/mingw32/bin/../lib/gcc/i686-w64-mingw32/8.3.0/../../../../i686-w64-mingw32/bin/ld.exe: gsl.o:gsl.cpp:(.text.unlikely+0x2010): undefined reference to `gsl_vector_complex_free'
     D:/Compiler/rtools40/mingw32/bin/../lib/gcc/i686-w64-mingw32/8.3.0/../../../../i686-w64-mingw32/bin/ld.exe: gsl.o:gsl.cpp:(.text.unlikely+0x202b): undefined reference to `gsl_vector_ushort_free'
     D:/Compiler/rtools40/mingw32/bin/../lib/gcc/i686-w64-mingw32/8.3.0/../../../../i686-w64-mingw32/bin/ld.exe: gsl.o:gsl.cpp:(.text.unlikely+0x2046): undefined reference to `gsl_vector_uint_free'
     D:/Compiler/rtools40/mingw32/bin/../lib/gcc/i686-w64-mingw32/8.3.0/../../../../i686-w64-mingw32/bin/ld.exe: gsl.o:gsl.cpp:(.text.unlikely+0x2061): undefined reference to `gsl_vector_uchar_free'
     D:/Compiler/rtools40/mingw32/bin/../lib/gcc/i686-w64-mingw32/8.3.0/../../../../i686-w64-mingw32/bin/ld.exe: gsl.o:gsl.cpp:(.text.unlikely+0x207c): undefined reference to `gsl_vector_short_free'
     D:/Compiler/rtools40/mingw32/bin/../lib/gcc/i686-w64-mingw32/8.3.0/../../../../i686-w64-mingw32/bin/ld.exe: gsl.o:gsl.cpp:(.text.unlikely+0x2097): undefined reference to `gsl_vector_long_double_free'
     D:/Compiler/rtools40/mingw32/bin/../lib/gcc/i686-w64-mingw32/8.3.0/../../../../i686-w64-mingw32/bin/ld.exe: gsl.o:gsl.cpp:(.text.unlikely+0x20b2): undefined reference to `gsl_vector_char_free'
     D:/Compiler/rtools40/mingw32/bin/../lib/gcc/i686-w64-mingw32/8.3.0/../../../../i686-w64-mingw32/bin/ld.exe: gsl.o:gsl.cpp:(.text.unlikely+0x20cd): undefined reference to `gsl_vector_int_free'
     D:/Compiler/rtools40/mingw32/bin/../lib/gcc/i686-w64-mingw32/8.3.0/../../../../i686-w64-mingw32/bin/ld.exe: gsl.o:gsl.cpp:(.text.unlikely+0x20e8): undefined reference to `gsl_vector_float_free'
     collect2.exe: error: ld returned 1 exit status
     make[1]: Entering directory '/d/temp/Rtmpyqbec2/sourceCpp-i386-w64-mingw32-1.0.4/sourcecpp_2b4bc407235e9'
     d:/Compiler/rtools40/mingw32/bin/g++ -std=gnu++11 -I"D:/RCompile/recent/R4/include" -DNDEBUG -I/include -I"D:/temp/Rtmp4mLPrv/RLIBS_8f9c364f75eb/Rcpp/include" -I"D:/temp/Rtmp4mLPrv/RLIBS_8f9c364f75eb/RcppGSL/include" -I"D:/temp/Rtmp4mLPrv/RLIBS_8f9c364f75eb/RcppGSL/tinytest/cpp" -I"d:/Compiler/gcc-4.9.3/local330/include" -pedantic -O2 -Wall -mfpmath=sse -msse2 -mstackrealign -c gsl.cpp -o gsl.o
     d:/Compiler/rtools40/mingw32/bin/g++ -std=gnu++11 -shared -s -static-libgcc -o sourceCpp_2.dll tmp.def gsl.o -Ld:/Compiler/gcc-4.9.3/local330/lib/i386 -Ld:/Compiler/gcc-4.9.3/local330/lib -LD:/RCompile/recent/R4/bin/i386 -lR
     make[1]: Leaving directory '/d/temp/Rtmpyqbec2/sourceCpp-i386-w64-mingw32-1.0.4/sourcecpp_2b4bc407235e9'
     make[1]: Entering directory '/d/temp/Rtmpyqbec2/sourceCpp-i386-w64-mingw32-1.0.4/sourcecpp_2b4bc407235e9'
     make[1]: Leaving directory '/d/temp/Rtmpyqbec2/sourceCpp-i386-w64-mingw32-1.0.4/sourcecpp_2b4bc407235e9'
     Error in checkForRemoteErrors(val) :
     one node produced an error: Error occurred building shared library.
     Calls: <Anonymous> ... clusterApply -> staticClusterApply -> checkForRemoteErrors
     Execution halted
Flavor: r-devel-windows-ix86+x86_64-gcc8

Version: 0.3.7
Check: running tests for arch ‘x64’
Result: ERROR
     Running 'tinytest.R' [53s]
    Running the tests in 'tests/tinytest.R' failed.
    Complete output:
     >
     > if (requireNamespace("tinytest", quietly=TRUE) &&
     + utils::packageVersion("tinytest") >= "1.0.0") {
     +
     + ## Set a seed to make the test deterministic
     + set.seed(42)
     +
     + ## R makes us to this
     + Sys.setenv("R_TESTS"="")
     +
     + ## there are several more granular ways to test files in a tinytest directory,
     + ## see its package vignette; tests can also run once the package is installed
     + ## using the same command `test_package(pkgName)`, or by director or file
     + tinytest::test_package("RcppGSL", ncpu=getOption("Ncpus", 1))
     + }
     starting worker pid=55940 on localhost:11285 at 20:39:57.347
    
     Running test_client_package.R......... 1 tests <1b>[0;32mOK<1b>[0m
    
     Running test_fastLm.R................. 25 tests <1b>[0;32mOK<1b>[0m
     D:/Compiler/rtools40/mingw64/bin/../lib/gcc/x86_64-w64-mingw32/8.3.0/../../../../x86_64-w64-mingw32/bin/ld.exe: gsl.o:gsl.cpp:(.text+0x2ee): undefined reference to `gsl_matrix_alloc'
     D:/Compiler/rtools40/mingw64/bin/../lib/gcc/x86_64-w64-mingw32/8.3.0/../../../../x86_64-w64-mingw32/bin/ld.exe: gsl.o:gsl.cpp:(.text+0x32f): undefined reference to `gsl_matrix_set'
     D:/Compiler/rtools40/mingw64/bin/../lib/gcc/x86_64-w64-mingw32/8.3.0/../../../../x86_64-w64-mingw32/bin/ld.exe: gsl.o:gsl.cpp:(.text+0x378): undefined reference to `gsl_matrix_const_submatrix'
     D:/Compiler/rtools40/mingw64/bin/../lib/gcc/x86_64-w64-mingw32/8.3.0/../../../../x86_64-w64-mingw32/bin/ld.exe: gsl.o:gsl.cpp:(.text+0x3da): undefined reference to `gsl_matrix_get'
     D:/Compiler/rtools40/mingw64/bin/../lib/gcc/x86_64-w64-mingw32/8.3.0/../../../../x86_64-w64-mingw32/bin/ld.exe: gsl.o:gsl.cpp:(.text+0x40a): undefined reference to `gsl_matrix_free'
     D:/Compiler/rtools40/mingw64/bin/../lib/gcc/x86_64-w64-mingw32/8.3.0/../../../../x86_64-w64-mingw32/bin/ld.exe: gsl.o:gsl.cpp:(.text+0x4b6): undefined reference to `gsl_vector_calloc'
     D:/Compiler/rtools40/mingw64/bin/../lib/gcc/x86_64-w64-mingw32/8.3.0/../../../../x86_64-w64-mingw32/bin/ld.exe: gsl.o:gsl.cpp:(.text+0x5ef): undefined reference to `gsl_vector_get'
     D:/Compiler/rtools40/mingw64/bin/../lib/gcc/x86_64-w64-mingw32/8.3.0/../../../../x86_64-w64-mingw32/bin/ld.exe: gsl.o:gsl.cpp:(.text+0x612): undefined reference to `gsl_vector_free'
     D:/Compiler/rtools40/mingw64/bin/../lib/gcc/x86_64-w64-mingw32/8.3.0/../../../../x86_64-w64-mingw32/bin/ld.exe: gsl.o:gsl.cpp:(.text+0x699): undefined reference to `gsl_vector_get'
     D:/Compiler/rtools40/mingw64/bin/../lib/gcc/x86_64-w64-mingw32/8.3.0/../../../../x86_64-w64-mingw32/bin/ld.exe: gsl.o:gsl.cpp:(.text+0x6b4): undefined reference to `gsl_vector_get'
     D:/Compiler/rtools40/mingw64/bin/../lib/gcc/x86_64-w64-mingw32/8.3.0/../../../../x86_64-w64-mingw32/bin/ld.exe: gsl.o:gsl.cpp:(.text+0x6d7): undefined reference to `gsl_vector_free'
     D:/Compiler/rtools40/mingw64/bin/../lib/gcc/x86_64-w64-mingw32/8.3.0/../../../../x86_64-w64-mingw32/bin/ld.exe: gsl.o:gsl.cpp:(.text+0x7f3): undefined reference to `gsl_vector_get'
     D:/Compiler/rtools40/mingw64/bin/../lib/gcc/x86_64-w64-mingw32/8.3.0/../../../../x86_64-w64-mingw32/bin/ld.exe: gsl.o:gsl.cpp:(.text+0x827): undefined reference to `gsl_vector_get'
     D:/Compiler/rtools40/mingw64/bin/../lib/gcc/x86_64-w64-mingw32/8.3.0/../../../../x86_64-w64-mingw32/bin/ld.exe: gsl.o:gsl.cpp:(.text+0x842): undefined reference to `gsl_vector_free'
     D:/Compiler/rtools40/mingw64/bin/../lib/gcc/x86_64-w64-mingw32/8.3.0/../../../../x86_64-w64-mingw32/bin/ld.exe: gsl.o:gsl.cpp:(.text+0x93c): undefined reference to `gsl_vector_const_subvector_with_stride'
     D:/Compiler/rtools40/mingw64/bin/../lib/gcc/x86_64-w64-mingw32/8.3.0/../../../../x86_64-w64-mingw32/bin/ld.exe: gsl.o:gsl.cpp:(.text+0x98b): undefined reference to `gsl_vector_get'
     D:/Compiler/rtools40/mingw64/bin/../lib/gcc/x86_64-w64-mingw32/8.3.0/../../../../x86_64-w64-mingw32/bin/ld.exe: gsl.o:gsl.cpp:(.text+0x9a6): undefined reference to `gsl_vector_get'
     D:/Compiler/rtools40/mingw64/bin/../lib/gcc/x86_64-w64-mingw32/8.3.0/../../../../x86_64-w64-mingw32/bin/ld.exe: gsl.o:gsl.cpp:(.text+0x9c9): undefined reference to `gsl_vector_free'
     D:/Compiler/rtools40/mingw64/bin/../lib/gcc/x86_64-w64-mingw32/8.3.0/../../../../x86_64-w64-mingw32/bin/ld.exe: gsl.o:gsl.cpp:(.text+0xa67): undefined reference to `gsl_vector_get'
     D:/Compiler/rtools40/mingw64/bin/../lib/gcc/x86_64-w64-mingw32/8.3.0/../../../../x86_64-w64-mingw32/bin/ld.exe: gsl.o:gsl.cpp:(.text+0xa7c): undefined reference to `gsl_vector_set'
     D:/Compiler/rtools40/mingw64/bin/../lib/gcc/x86_64-w64-mingw32/8.3.0/../../../../x86_64-w64-mingw32/bin/ld.exe: gsl.o:gsl.cpp:(.text+0xb7e): undefined reference to `gsl_vector_free'
     D:/Compiler/rtools40/mingw64/bin/../lib/gcc/x86_64-w64-mingw32/8.3.0/../../../../x86_64-w64-mingw32/bin/ld.exe: gsl.o:gsl.cpp:(.text+0xd5a): undefined reference to `gsl_matrix_alloc'
     D:/Compiler/rtools40/mingw64/bin/../lib/gcc/x86_64-w64-mingw32/8.3.0/../../../../x86_64-w64-mingw32/bin/ld.exe: gsl.o:gsl.cpp:(.text+0xda3): undefined reference to `gsl_matrix_set'
     D:/Compiler/rtools40/mingw64/bin/../lib/gcc/x86_64-w64-mingw32/8.3.0/../../../../x86_64-w64-mingw32/bin/ld.exe: gsl.o:gsl.cpp:(.text+0xf52): undefined reference to `gsl_matrix_get'
     D:/Compiler/rtools40/mingw64/bin/../lib/gcc/x86_64-w64-mingw32/8.3.0/../../../../x86_64-w64-mingw32/bin/ld.exe: gsl.o:gsl.cpp:(.text+0xf75): undefined reference to `gsl_matrix_free'
     D:/Compiler/rtools40/mingw64/bin/../lib/gcc/x86_64-w64-mingw32/8.3.0/../../../../x86_64-w64-mingw32/bin/ld.exe: gsl.o:gsl.cpp:(.text+0x101a): undefined reference to `gsl_matrix_get'
     D:/Compiler/rtools40/mingw64/bin/../lib/gcc/x86_64-w64-mingw32/8.3.0/../../../../x86_64-w64-mingw32/bin/ld.exe: gsl.o:gsl.cpp:(.text+0x1032): undefined reference to `gsl_matrix_set'
     D:/Compiler/rtools40/mingw64/bin/../lib/gcc/x86_64-w64-mingw32/8.3.0/../../../../x86_64-w64-mingw32/bin/ld.exe: gsl.o:gsl.cpp:(.text+0x110b): undefined reference to `gsl_matrix_free'
     D:/Compiler/rtools40/mingw64/bin/../lib/gcc/x86_64-w64-mingw32/8.3.0/../../../../x86_64-w64-mingw32/bin/ld.exe: gsl.o:gsl.cpp:(.text+0x1739): undefined reference to `gsl_vector_int_calloc'
     D:/Compiler/rtools40/mingw64/bin/../lib/gcc/x86_64-w64-mingw32/8.3.0/../../../../x86_64-w64-mingw32/bin/ld.exe: gsl.o:gsl.cpp:(.text+0x174a): undefined reference to `gsl_vector_int_set'
     D:/Compiler/rtools40/mingw64/bin/../lib/gcc/x86_64-w64-mingw32/8.3.0/../../../../x86_64-w64-mingw32/bin/ld.exe: gsl.o:gsl.cpp:(.text+0x18e0): undefined reference to `gsl_vector_int_free'
     D:/Compiler/rtools40/mingw64/bin/../lib/gcc/x86_64-w64-mingw32/8.3.0/../../../../x86_64-w64-mingw32/bin/ld.exe: gsl.o:gsl.cpp:(.text+0x19cf): undefined reference to `gsl_vector_int_free'
     D:/Compiler/rtools40/mingw64/bin/../lib/gcc/x86_64-w64-mingw32/8.3.0/../../../../x86_64-w64-mingw32/bin/ld.exe: gsl.o:gsl.cpp:(.text+0x1a66): undefined reference to `gsl_matrix_alloc'
     D:/Compiler/rtools40/mingw64/bin/../lib/gcc/x86_64-w64-mingw32/8.3.0/../../../../x86_64-w64-mingw32/bin/ld.exe: gsl.o:gsl.cpp:(.text+0x1a8a): undefined reference to `gsl_matrix_set'
     D:/Compiler/rtools40/mingw64/bin/../lib/gcc/x86_64-w64-mingw32/8.3.0/../../../../x86_64-w64-mingw32/bin/ld.exe: gsl.o:gsl.cpp:(.text+0x1ada): undefined reference to `gsl_matrix_submatrix'
     D:/Compiler/rtools40/mingw64/bin/../lib/gcc/x86_64-w64-mingw32/8.3.0/../../../../x86_64-w64-mingw32/bin/ld.exe: gsl.o:gsl.cpp:(.text+0x1d3b): undefined reference to `gsl_matrix_free'
     D:/Compiler/rtools40/mingw64/bin/../lib/gcc/x86_64-w64-mingw32/8.3.0/../../../../x86_64-w64-mingw32/bin/ld.exe: gsl.o:gsl.cpp:(.text+0x1ece): undefined reference to `gsl_vector_calloc'
     D:/Compiler/rtools40/mingw64/bin/../lib/gcc/x86_64-w64-mingw32/8.3.0/../../../../x86_64-w64-mingw32/bin/ld.exe: gsl.o:gsl.cpp:(.text+0x1ee8): undefined reference to `gsl_vector_set'
     D:/Compiler/rtools40/mingw64/bin/../lib/gcc/x86_64-w64-mingw32/8.3.0/../../../../x86_64-w64-mingw32/bin/ld.exe: gsl.o:gsl.cpp:(.text+0x1f10): undefined reference to `gsl_vector_subvector_with_stride'
     D:/Compiler/rtools40/mingw64/bin/../lib/gcc/x86_64-w64-mingw32/8.3.0/../../../../x86_64-w64-mingw32/bin/ld.exe: gsl.o:gsl.cpp:(.text+0x1f35): undefined reference to `gsl_vector_subvector_with_stride'
     D:/Compiler/rtools40/mingw64/bin/../lib/gcc/x86_64-w64-mingw32/8.3.0/../../../../x86_64-w64-mingw32/bin/ld.exe: gsl.o:gsl.cpp:(.text+0x22b5): undefined reference to `gsl_vector_free'
     D:/Compiler/rtools40/mingw64/bin/../lib/gcc/x86_64-w64-mingw32/8.3.0/../../../../x86_64-w64-mingw32/bin/ld.exe: gsl.o:gsl.cpp:(.text+0x2465): undefined reference to `gsl_matrix_alloc'
     D:/Compiler/rtools40/mingw64/bin/../lib/gcc/x86_64-w64-mingw32/8.3.0/../../../../x86_64-w64-mingw32/bin/ld.exe: gsl.o:gsl.cpp:(.text+0x248f): undefined reference to `gsl_matrix_set'
     D:/Compiler/rtools40/mingw64/bin/../lib/gcc/x86_64-w64-mingw32/8.3.0/../../../../x86_64-w64-mingw32/bin/ld.exe: gsl.o:gsl.cpp:(.text+0x24dc): undefined reference to `gsl_matrix_const_submatrix'
     D:/Compiler/rtools40/mingw64/bin/../lib/gcc/x86_64-w64-mingw32/8.3.0/../../../../x86_64-w64-mingw32/bin/ld.exe: gsl.o:gsl.cpp:(.text+0x27db): undefined reference to `gsl_matrix_free'
     D:/Compiler/rtools40/mingw64/bin/../lib/gcc/x86_64-w64-mingw32/8.3.0/../../../../x86_64-w64-mingw32/bin/ld.exe: gsl.o:gsl.cpp:(.text+0x29a6): undefined reference to `gsl_matrix_alloc'
     D:/Compiler/rtools40/mingw64/bin/../lib/gcc/x86_64-w64-mingw32/8.3.0/../../../../x86_64-w64-mingw32/bin/ld.exe: gsl.o:gsl.cpp:(.text+0x29b3): undefined reference to `gsl_matrix_set_identity'
     D:/Compiler/rtools40/mingw64/bin/../lib/gcc/x86_64-w64-mingw32/8.3.0/../../../../x86_64-w64-mingw32/bin/ld.exe: gsl.o:gsl.cpp:(.text+0x29c2): undefined reference to `gsl_matrix_float_alloc'
     D:/Compiler/rtools40/mingw64/bin/../lib/gcc/x86_64-w64-mingw32/8.3.0/../../../../x86_64-w64-mingw32/bin/ld.exe: gsl.o:gsl.cpp:(.text+0x29cf): undefined reference to `gsl_matrix_float_set_identity'
     D:/Compiler/rtools40/mingw64/bin/../lib/gcc/x86_64-w64-mingw32/8.3.0/../../../../x86_64-w64-mingw32/bin/ld.exe: gsl.o:gsl.cpp:(.text+0x29de): undefined reference to `gsl_matrix_int_alloc'
     D:/Compiler/rtools40/mingw64/bin/../lib/gcc/x86_64-w64-mingw32/8.3.0/../../../../x86_64-w64-mingw32/bin/ld.exe: gsl.o:gsl.cpp:(.text+0x29ee): undefined reference to `gsl_matrix_int_set_identity'
     D:/Compiler/rtools40/mingw64/bin/../lib/gcc/x86_64-w64-mingw32/8.3.0/../../../../x86_64-w64-mingw32/bin/ld.exe: gsl.o:gsl.cpp:(.text+0x29fd): undefined reference to `gsl_matrix_char_alloc'
     D:/Compiler/rtools40/mingw64/bin/../lib/gcc/x86_64-w64-mingw32/8.3.0/../../../../x86_64-w64-mingw32/bin/ld.exe: gsl.o:gsl.cpp:(.text+0x2a0d): undefined reference to `gsl_matrix_char_set_identity'
     D:/Compiler/rtools40/mingw64/bin/../lib/gcc/x86_64-w64-mingw32/8.3.0/../../../../x86_64-w64-mingw32/bin/ld.exe: gsl.o:gsl.cpp:(.text+0x2a1c): undefined reference to `gsl_matrix_complex_alloc'
     D:/Compiler/rtools40/mingw64/bin/../lib/gcc/x86_64-w64-mingw32/8.3.0/../../../../x86_64-w64-mingw32/bin/ld.exe: gsl.o:gsl.cpp:(.text+0x2a2c): undefined reference to `gsl_matrix_complex_set_identity'
     D:/Compiler/rtools40/mingw64/bin/../lib/gcc/x86_64-w64-mingw32/8.3.0/../../../../x86_64-w64-mingw32/bin/ld.exe: gsl.o:gsl.cpp:(.text+0x2a3b): undefined reference to `gsl_matrix_complex_float_alloc'
     D:/Compiler/rtools40/mingw64/bin/../lib/gcc/x86_64-w64-mingw32/8.3.0/../../../../x86_64-w64-mingw32/bin/ld.exe: gsl.o:gsl.cpp:(.text+0x2a4b): undefined reference to `gsl_matrix_complex_float_set_identity'
     D:/Compiler/rtools40/mingw64/bin/../lib/gcc/x86_64-w64-mingw32/8.3.0/../../../../x86_64-w64-mingw32/bin/ld.exe: gsl.o:gsl.cpp:(.text+0x2a5a): undefined reference to `gsl_matrix_complex_long_double_alloc'
     D:/Compiler/rtools40/mingw64/bin/../lib/gcc/x86_64-w64-mingw32/8.3.0/../../../../x86_64-w64-mingw32/bin/ld.exe: gsl.o:gsl.cpp:(.text+0x2a6a): undefined reference to `gsl_matrix_complex_long_double_set_identity'
     D:/Compiler/rtools40/mingw64/bin/../lib/gcc/x86_64-w64-mingw32/8.3.0/../../../../x86_64-w64-mingw32/bin/ld.exe: gsl.o:gsl.cpp:(.text+0x2a79): undefined reference to `gsl_matrix_long_double_alloc'
     D:/Compiler/rtools40/mingw64/bin/../lib/gcc/x86_64-w64-mingw32/8.3.0/../../../../x86_64-w64-mingw32/bin/ld.exe: gsl.o:gsl.cpp:(.text+0x2a8c): undefined reference to `gsl_matrix_long_double_set_identity'
     D:/Compiler/rtools40/mingw64/bin/../lib/gcc/x86_64-w64-mingw32/8.3.0/../../../../x86_64-w64-mingw32/bin/ld.exe: gsl.o:gsl.cpp:(.text+0x2a9b): undefined reference to `gsl_matrix_short_alloc'
     D:/Compiler/rtools40/mingw64/bin/../lib/gcc/x86_64-w64-mingw32/8.3.0/../../../../x86_64-w64-mingw32/bin/ld.exe: gsl.o:gsl.cpp:(.text+0x2aae): undefined reference to `gsl_matrix_short_set_identity'
     D:/Compiler/rtools40/mingw64/bin/../lib/gcc/x86_64-w64-mingw32/8.3.0/../../../../x86_64-w64-mingw32/bin/ld.exe: gsl.o:gsl.cpp:(.text+0x2abd): undefined reference to `gsl_matrix_uchar_alloc'
     D:/Compiler/rtools40/mingw64/bin/../lib/gcc/x86_64-w64-mingw32/8.3.0/../../../../x86_64-w64-mingw32/bin/ld.exe: gsl.o:gsl.cpp:(.text+0x2ad0): undefined reference to `gsl_matrix_uchar_set_identity'
     D:/Compiler/rtools40/mingw64/bin/../lib/gcc/x86_64-w64-mingw32/8.3.0/../../../../x86_64-w64-mingw32/bin/ld.exe: gsl.o:gsl.cpp:(.text+0x2adf): undefined reference to `gsl_matrix_uint_alloc'
     D:/Compiler/rtools40/mingw64/bin/../lib/gcc/x86_64-w64-mingw32/8.3.0/../../../../x86_64-w64-mingw32/bin/ld.exe: gsl.o:gsl.cpp:(.text+0x2af2): undefined reference to `gsl_matrix_uint_set_identity'
     D:/Compiler/rtools40/mingw64/bin/../lib/gcc/x86_64-w64-mingw32/8.3.0/../../../../x86_64-w64-mingw32/bin/ld.exe: gsl.o:gsl.cpp:(.text+0x2b01): undefined reference to `gsl_matrix_ushort_alloc'
     D:/Compiler/rtools40/mingw64/bin/../lib/gcc/x86_64-w64-mingw32/8.3.0/../../../../x86_64-w64-mingw32/bin/ld.exe: gsl.o:gsl.cpp:(.text+0x2b14): undefined reference to `gsl_matrix_ushort_set_identity'
     D:/Compiler/rtools40/mingw64/bin/../lib/gcc/x86_64-w64-mingw32/8.3.0/../../../../x86_64-w64-mingw32/bin/ld.exe: gsl.o:gsl.cpp:(.text+0x32fa): undefined reference to `gsl_matrix_free'
     D:/Compiler/rtools40/mingw64/bin/../lib/gcc/x86_64-w64-mingw32/8.3.0/../../../../x86_64-w64-mingw32/bin/ld.exe: gsl.o:gsl.cpp:(.text+0x3304): undefined reference to `gsl_matrix_float_free'
     D:/Compiler/rtools40/mingw64/bin/../lib/gcc/x86_64-w64-mingw32/8.3.0/../../../../x86_64-w64-mingw32/bin/ld.exe: gsl.o:gsl.cpp:(.text+0x3311): undefined reference to `gsl_matrix_int_free'
     D:/Compiler/rtools40/mingw64/bin/../lib/gcc/x86_64-w64-mingw32/8.3.0/../../../../x86_64-w64-mingw32/bin/ld.exe: gsl.o:gsl.cpp:(.text+0x331e): undefined reference to `gsl_matrix_char_free'
     D:/Compiler/rtools40/mingw64/bin/../lib/gcc/x86_64-w64-mingw32/8.3.0/../../../../x86_64-w64-mingw32/bin/ld.exe: gsl.o:gsl.cpp:(.text+0x332b): undefined reference to `gsl_matrix_complex_free'
     D:/Compiler/rtools40/mingw64/bin/../lib/gcc/x86_64-w64-mingw32/8.3.0/../../../../x86_64-w64-mingw32/bin/ld.exe: gsl.o:gsl.cpp:(.text+0x3338): undefined reference to `gsl_matrix_complex_float_free'
     D:/Compiler/rtools40/mingw64/bin/../lib/gcc/x86_64-w64-mingw32/8.3.0/../../../../x86_64-w64-mingw32/bin/ld.exe: gsl.o:gsl.cpp:(.text+0x3345): undefined reference to `gsl_matrix_complex_long_double_free'
     D:/Compiler/rtools40/mingw64/bin/../lib/gcc/x86_64-w64-mingw32/8.3.0/../../../../x86_64-w64-mingw32/bin/ld.exe: gsl.o:gsl.cpp:(.text+0x3352): undefined reference to `gsl_matrix_long_double_free'
     D:/Compiler/rtools40/mingw64/bin/../lib/gcc/x86_64-w64-mingw32/8.3.0/../../../../x86_64-w64-mingw32/bin/ld.exe: gsl.o:gsl.cpp:(.text+0x335f): undefined reference to `gsl_matrix_short_free'
     D:/Compiler/rtools40/mingw64/bin/../lib/gcc/x86_64-w64-mingw32/8.3.0/../../../../x86_64-w64-mingw32/bin/ld.exe: gsl.o:gsl.cpp:(.text+0x336c): undefined reference to `gsl_matrix_uchar_free'
     D:/Compiler/rtools40/mingw64/bin/../lib/gcc/x86_64-w64-mingw32/8.3.0/../../../../x86_64-w64-mingw32/bin/ld.exe: gsl.o:gsl.cpp:(.text+0x3379): undefined reference to `gsl_matrix_uint_free'
     D:/Compiler/rtools40/mingw64/bin/../lib/gcc/x86_64-w64-mingw32/8.3.0/../../../../x86_64-w64-mingw32/bin/ld.exe: gsl.o:gsl.cpp:(.text+0x3386): undefined reference to `gsl_matrix_ushort_free'
     D:/Compiler/rtools40/mingw64/bin/../lib/gcc/x86_64-w64-mingw32/8.3.0/../../../../x86_64-w64-mingw32/bin/ld.exe: gsl.o:gsl.cpp:(.text+0x3761): undefined reference to `gsl_vector_calloc'
     D:/Compiler/rtools40/mingw64/bin/../lib/gcc/x86_64-w64-mingw32/8.3.0/../../../../x86_64-w64-mingw32/bin/ld.exe: gsl.o:gsl.cpp:(.text+0x3770): undefined reference to `gsl_vector_float_calloc'
     D:/Compiler/rtools40/mingw64/bin/../lib/gcc/x86_64-w64-mingw32/8.3.0/../../../../x86_64-w64-mingw32/bin/ld.exe: gsl.o:gsl.cpp:(.text+0x377f): undefined reference to `gsl_vector_int_calloc'
     D:/Compiler/rtools40/mingw64/bin/../lib/gcc/x86_64-w64-mingw32/8.3.0/../../../../x86_64-w64-mingw32/bin/ld.exe: gsl.o:gsl.cpp:(.text+0x3791): undefined reference to `gsl_vector_char_calloc'
     D:/Compiler/rtools40/mingw64/bin/../lib/gcc/x86_64-w64-mingw32/8.3.0/../../../../x86_64-w64-mingw32/bin/ld.exe: gsl.o:gsl.cpp:(.text+0x37a3): undefined reference to `gsl_vector_complex_calloc'
     D:/Compiler/rtools40/mingw64/bin/../lib/gcc/x86_64-w64-mingw32/8.3.0/../../../../x86_64-w64-mingw32/bin/ld.exe: gsl.o:gsl.cpp:(.text+0x37b5): undefined reference to `gsl_vector_complex_float_calloc'
     D:/Compiler/rtools40/mingw64/bin/../lib/gcc/x86_64-w64-mingw32/8.3.0/../../../../x86_64-w64-mingw32/bin/ld.exe: gsl.o:gsl.cpp:(.text+0x37c7): undefined reference to `gsl_vector_complex_long_double_calloc'
     D:/Compiler/rtools40/mingw64/bin/../lib/gcc/x86_64-w64-mingw32/8.3.0/../../../../x86_64-w64-mingw32/bin/ld.exe: gsl.o:gsl.cpp:(.text+0x37d9): undefined reference to `gsl_vector_long_double_calloc'
     D:/Compiler/rtools40/mingw64/bin/../lib/gcc/x86_64-w64-mingw32/8.3.0/../../../../x86_64-w64-mingw32/bin/ld.exe: gsl.o:gsl.cpp:(.text+0x37ee): undefined reference to `gsl_vector_short_calloc'
     D:/Compiler/rtools40/mingw64/bin/../lib/gcc/x86_64-w64-mingw32/8.3.0/../../../../x86_64-w64-mingw32/bin/ld.exe: gsl.o:gsl.cpp:(.text+0x3803): undefined reference to `gsl_vector_uchar_calloc'
     D:/Compiler/rtools40/mingw64/bin/../lib/gcc/x86_64-w64-mingw32/8.3.0/../../../../x86_64-w64-mingw32/bin/ld.exe: gsl.o:gsl.cpp:(.text+0x3818): undefined reference to `gsl_vector_uint_calloc'
     D:/Compiler/rtools40/mingw64/bin/../lib/gcc/x86_64-w64-mingw32/8.3.0/../../../../x86_64-w64-mingw32/bin/ld.exe: gsl.o:gsl.cpp:(.text+0x382d): undefined reference to `gsl_vector_ushort_calloc'
     D:/Compiler/rtools40/mingw64/bin/../lib/gcc/x86_64-w64-mingw32/8.3.0/../../../../x86_64-w64-mingw32/bin/ld.exe: gsl.o:gsl.cpp:(.text+0x401e): undefined reference to `gsl_vector_free'
     D:/Compiler/rtools40/mingw64/bin/../lib/gcc/x86_64-w64-mingw32/8.3.0/../../../../x86_64-w64-mingw32/bin/ld.exe: gsl.o:gsl.cpp:(.text+0x4028): undefined reference to `gsl_vector_float_free'
     D:/Compiler/rtools40/mingw64/bin/../lib/gcc/x86_64-w64-mingw32/8.3.0/../../../../x86_64-w64-mingw32/bin/ld.exe: gsl.o:gsl.cpp:(.text+0x4035): undefined reference to `gsl_vector_int_free'
     D:/Compiler/rtools40/mingw64/bin/../lib/gcc/x86_64-w64-mingw32/8.3.0/../../../../x86_64-w64-mingw32/bin/ld.exe: gsl.o:gsl.cpp:(.text+0x4042): undefined reference to `gsl_vector_char_free'
     D:/Compiler/rtools40/mingw64/bin/../lib/gcc/x86_64-w64-mingw32/8.3.0/../../../../x86_64-w64-mingw32/bin/ld.exe: gsl.o:gsl.cpp:(.text+0x404f): undefined reference to `gsl_vector_complex_free'
     D:/Compiler/rtools40/mingw64/bin/../lib/gcc/x86_64-w64-mingw32/8.3.0/../../../../x86_64-w64-mingw32/bin/ld.exe: gsl.o:gsl.cpp:(.text+0x405c): undefined reference to `gsl_vector_complex_float_free'
     D:/Compiler/rtools40/mingw64/bin/../lib/gcc/x86_64-w64-mingw32/8.3.0/../../../../x86_64-w64-mingw32/bin/ld.exe: gsl.o:gsl.cpp:(.text+0x4069): undefined reference to `gsl_vector_complex_long_double_free'
     D:/Compiler/rtools40/mingw64/bin/../lib/gcc/x86_64-w64-mingw32/8.3.0/../../../../x86_64-w64-mingw32/bin/ld.exe: gsl.o:gsl.cpp:(.text+0x4076): undefined reference to `gsl_vector_long_double_free'
     D:/Compiler/rtools40/mingw64/bin/../lib/gcc/x86_64-w64-mingw32/8.3.0/../../../../x86_64-w64-mingw32/bin/ld.exe: gsl.o:gsl.cpp:(.text+0x4083): undefined reference to `gsl_vector_short_free'
     D:/Compiler/rtools40/mingw64/bin/../lib/gcc/x86_64-w64-mingw32/8.3.0/../../../../x86_64-w64-mingw32/bin/ld.exe: gsl.o:gsl.cpp:(.text+0x4090): undefined reference to `gsl_vector_uchar_free'
     D:/Compiler/rtools40/mingw64/bin/../lib/gcc/x86_64-w64-mingw32/8.3.0/../../../../x86_64-w64-mingw32/bin/ld.exe: gsl.o:gsl.cpp:(.text+0x409d): undefined reference to `gsl_vector_uint_free'
     D:/Compiler/rtools40/mingw64/bin/../lib/gcc/x86_64-w64-mingw32/8.3.0/../../../../x86_64-w64-mingw32/bin/ld.exe: gsl.o:gsl.cpp:(.text+0x40aa): undefined reference to `gsl_vector_ushort_free'
     D:/Compiler/rtools40/mingw64/bin/../lib/gcc/x86_64-w64-mingw32/8.3.0/../../../../x86_64-w64-mingw32/bin/ld.exe: gsl.o:gsl.cpp:(.text+0x447e): undefined reference to `gsl_vector_calloc'
     D:/Compiler/rtools40/mingw64/bin/../lib/gcc/x86_64-w64-mingw32/8.3.0/../../../../x86_64-w64-mingw32/bin/ld.exe: gsl.o:gsl.cpp:(.text+0x449c): undefined reference to `gsl_vector_set'
     D:/Compiler/rtools40/mingw64/bin/../lib/gcc/x86_64-w64-mingw32/8.3.0/../../../../x86_64-w64-mingw32/bin/ld.exe: gsl.o:gsl.cpp:(.text+0x44d0): undefined reference to `gsl_vector_const_subvector_with_stride'
     D:/Compiler/rtools40/mingw64/bin/../lib/gcc/x86_64-w64-mingw32/8.3.0/../../../../x86_64-w64-mingw32/bin/ld.exe: gsl.o:gsl.cpp:(.text+0x457a): undefined reference to `gsl_vector_const_subvector_with_stride'
     D:/Compiler/rtools40/mingw64/bin/../lib/gcc/x86_64-w64-mingw32/8.3.0/../../../../x86_64-w64-mingw32/bin/ld.exe: gsl.o:gsl.cpp:(.text+0x495d): undefined reference to `gsl_vector_free'
     D:/Compiler/rtools40/mingw64/bin/../lib/gcc/x86_64-w64-mingw32/8.3.0/../../../../x86_64-w64-mingw32/bin/ld.exe: gsl.o:gsl.cpp:(.text+0x7281): undefined reference to `gsl_vector_calloc'
     D:/Compiler/rtools40/mingw64/bin/../lib/gcc/x86_64-w64-mingw32/8.3.0/../../../../x86_64-w64-mingw32/bin/ld.exe: gsl.o:gsl.cpp:(.text+0x729b): undefined reference to `gsl_vector_float_calloc'
     D:/Compiler/rtools40/mingw64/bin/../lib/gcc/x86_64-w64-mingw32/8.3.0/../../../../x86_64-w64-mingw32/bin/ld.exe: gsl.o:gsl.cpp:(.text+0x72b5): undefined reference to `gsl_vector_int_calloc'
     D:/Compiler/rtools40/mingw64/bin/../lib/gcc/x86_64-w64-mingw32/8.3.0/../../../../x86_64-w64-mingw32/bin/ld.exe: gsl.o:gsl.cpp:(.text+0x72cf): undefined reference to `gsl_vector_char_calloc'
     D:/Compiler/rtools40/mingw64/bin/../lib/gcc/x86_64-w64-mingw32/8.3.0/../../../../x86_64-w64-mingw32/bin/ld.exe: gsl.o:gsl.cpp:(.text+0x72e9): undefined reference to `gsl_vector_long_double_calloc'
     D:/Compiler/rtools40/mingw64/bin/../lib/gcc/x86_64-w64-mingw32/8.3.0/../../../../x86_64-w64-mingw32/bin/ld.exe: gsl.o:gsl.cpp:(.text+0x7303): undefined reference to `gsl_vector_short_calloc'
     D:/Compiler/rtools40/mingw64/bin/../lib/gcc/x86_64-w64-mingw32/8.3.0/../../../../x86_64-w64-mingw32/bin/ld.exe: gsl.o:gsl.cpp:(.text+0x731d): undefined reference to `gsl_vector_uchar_calloc'
     D:/Compiler/rtools40/mingw64/bin/../lib/gcc/x86_64-w64-mingw32/8.3.0/../../../../x86_64-w64-mingw32/bin/ld.exe: gsl.o:gsl.cpp:(.text+0x7337): undefined reference to `gsl_vector_uint_calloc'
     D:/Compiler/rtools40/mingw64/bin/../lib/gcc/x86_64-w64-mingw32/8.3.0/../../../../x86_64-w64-mingw32/bin/ld.exe: gsl.o:gsl.cpp:(.text+0x7351): undefined reference to `gsl_vector_ushort_calloc'
     D:/Compiler/rtools40/mingw64/bin/../lib/gcc/x86_64-w64-mingw32/8.3.0/../../../../x86_64-w64-mingw32/bin/ld.exe: gsl.o:gsl.cpp:(.text+0x736b): undefined reference to `gsl_vector_complex_calloc'
     D:/Compiler/rtools40/mingw64/bin/../lib/gcc/x86_64-w64-mingw32/8.3.0/../../../../x86_64-w64-mingw32/bin/ld.exe: gsl.o:gsl.cpp:(.text+0x7385): undefined reference to `gsl_vector_complex_float_calloc'
     D:/Compiler/rtools40/mingw64/bin/../lib/gcc/x86_64-w64-mingw32/8.3.0/../../../../x86_64-w64-mingw32/bin/ld.exe: gsl.o:gsl.cpp:(.text+0x739f): undefined reference to `gsl_vector_complex_long_double_calloc'
     D:/Compiler/rtools40/mingw64/bin/../lib/gcc/x86_64-w64-mingw32/8.3.0/../../../../x86_64-w64-mingw32/bin/ld.exe: gsl.o:gsl.cpp:(.text+0x7bf2): undefined reference to `gsl_vector_free'
     D:/Compiler/rtools40/mingw64/bin/../lib/gcc/x86_64-w64-mingw32/8.3.0/../../../../x86_64-w64-mingw32/bin/ld.exe: gsl.o:gsl.cpp:(.text+0x7c22): undefined reference to `gsl_vector_float_free'
     D:/Compiler/rtools40/mingw64/bin/../lib/gcc/x86_64-w64-mingw32/8.3.0/../../../../x86_64-w64-mingw32/bin/ld.exe: gsl.o:gsl.cpp:(.text+0x7c52): undefined reference to `gsl_vector_int_free'
     D:/Compiler/rtools40/mingw64/bin/../lib/gcc/x86_64-w64-mingw32/8.3.0/../../../../x86_64-w64-mingw32/bin/ld.exe: gsl.o:gsl.cpp:(.text+0x7c82): undefined reference to `gsl_vector_char_free'
     D:/Compiler/rtools40/mingw64/bin/../lib/gcc/x86_64-w64-mingw32/8.3.0/../../../../x86_64-w64-mingw32/bin/ld.exe: gsl.o:gsl.cpp:(.text+0x7cb2): undefined reference to `gsl_vector_long_double_free'
     D:/Compiler/rtools40/mingw64/bin/../lib/gcc/x86_64-w64-mingw32/8.3.0/../../../../x86_64-w64-mingw32/bin/ld.exe: gsl.o:gsl.cpp:(.text+0x7ce2): undefined reference to `gsl_vector_short_free'
     D:/Compiler/rtools40/mingw64/bin/../lib/gcc/x86_64-w64-mingw32/8.3.0/../../../../x86_64-w64-mingw32/bin/ld.exe: gsl.o:gsl.cpp:(.text+0x7d12): undefined reference to `gsl_vector_uchar_free'
     D:/Compiler/rtools40/mingw64/bin/../lib/gcc/x86_64-w64-mingw32/8.3.0/../../../../x86_64-w64-mingw32/bin/ld.exe: gsl.o:gsl.cpp:(.text+0x7d42): undefined reference to `gsl_vector_uint_free'
     D:/Compiler/rtools40/mingw64/bin/../lib/gcc/x86_64-w64-mingw32/8.3.0/../../../../x86_64-w64-mingw32/bin/ld.exe: gsl.o:gsl.cpp:(.text+0x7d72): undefined reference to `gsl_vector_ushort_free'
     D:/Compiler/rtools40/mingw64/bin/../lib/gcc/x86_64-w64-mingw32/8.3.0/../../../../x86_64-w64-mingw32/bin/ld.exe: gsl.o:gsl.cpp:(.text+0x7da2): undefined reference to `gsl_vector_complex_free'
     D:/Compiler/rtools40/mingw64/bin/../lib/gcc/x86_64-w64-mingw32/8.3.0/../../../../x86_64-w64-mingw32/bin/ld.exe: gsl.o:gsl.cpp:(.text+0x7dd2): undefined reference to `gsl_vector_complex_float_free'
     D:/Compiler/rtools40/mingw64/bin/../lib/gcc/x86_64-w64-mingw32/8.3.0/../../../../x86_64-w64-mingw32/bin/ld.exe: gsl.o:gsl.cpp:(.text+0x7e02): undefined reference to `gsl_vector_complex_long_double_free'
     D:/Compiler/rtools40/mingw64/bin/../lib/gcc/x86_64-w64-mingw32/8.3.0/../../../../x86_64-w64-mingw32/bin/ld.exe: gsl.o:gsl.cpp:(.text+0x7e1e): undefined reference to `gsl_vector_complex_float_free'
     D:/Compiler/rtools40/mingw64/bin/../lib/gcc/x86_64-w64-mingw32/8.3.0/../../../../x86_64-w64-mingw32/bin/ld.exe: gsl.o:gsl.cpp:(.text+0x7e3a): undefined reference to `gsl_vector_complex_free'
     D:/Compiler/rtools40/mingw64/bin/../lib/gcc/x86_64-w64-mingw32/8.3.0/../../../../x86_64-w64-mingw32/bin/ld.exe: gsl.o:gsl.cpp:(.text+0x7e56): undefined reference to `gsl_vector_ushort_free'
     D:/Compiler/rtools40/mingw64/bin/../lib/gcc/x86_64-w64-mingw32/8.3.0/../../../../x86_64-w64-mingw32/bin/ld.exe: gsl.o:gsl.cpp:(.text+0x7e72): undefined reference to `gsl_vector_uint_free'
     D:/Compiler/rtools40/mingw64/bin/../lib/gcc/x86_64-w64-mingw32/8.3.0/../../../../x86_64-w64-mingw32/bin/ld.exe: gsl.o:gsl.cpp:(.text+0x7e8e): undefined reference to `gsl_vector_uchar_free'
     D:/Compiler/rtools40/mingw64/bin/../lib/gcc/x86_64-w64-mingw32/8.3.0/../../../../x86_64-w64-mingw32/bin/ld.exe: gsl.o:gsl.cpp:(.text+0x7eaa): undefined reference to `gsl_vector_short_free'
     D:/Compiler/rtools40/mingw64/bin/../lib/gcc/x86_64-w64-mingw32/8.3.0/../../../../x86_64-w64-mingw32/bin/ld.exe: gsl.o:gsl.cpp:(.text+0x7ec6): undefined reference to `gsl_vector_long_double_free'
     D:/Compiler/rtools40/mingw64/bin/../lib/gcc/x86_64-w64-mingw32/8.3.0/../../../../x86_64-w64-mingw32/bin/ld.exe: gsl.o:gsl.cpp:(.text+0x7ee2): undefined reference to `gsl_vector_char_free'
     D:/Compiler/rtools40/mingw64/bin/../lib/gcc/x86_64-w64-mingw32/8.3.0/../../../../x86_64-w64-mingw32/bin/ld.exe: gsl.o:gsl.cpp:(.text+0x7efe): undefined reference to `gsl_vector_int_free'
     D:/Compiler/rtools40/mingw64/bin/../lib/gcc/x86_64-w64-mingw32/8.3.0/../../../../x86_64-w64-mingw32/bin/ld.exe: gsl.o:gsl.cpp:(.text+0x7f1a): undefined reference to `gsl_vector_float_free'
     D:/Compiler/rtools40/mingw64/bin/../lib/gcc/x86_64-w64-mingw32/8.3.0/../../../../x86_64-w64-mingw32/bin/ld.exe: gsl.o:gsl.cpp:(.text+0x7f36): undefined reference to `gsl_vector_free'
     D:/Compiler/rtools40/mingw64/bin/../lib/gcc/x86_64-w64-mingw32/8.3.0/../../../../x86_64-w64-mingw32/bin/ld.exe: gsl.o:gsl.cpp:(.text+0x7f8d): undefined reference to `gsl_vector_complex_long_double_free'
     D:/Compiler/rtools40/mingw64/bin/../lib/gcc/x86_64-w64-mingw32/8.3.0/../../../../x86_64-w64-mingw32/bin/ld.exe: gsl.o:gsl.cpp:(.text+0x7fa9): undefined reference to `gsl_vector_complex_float_free'
     D:/Compiler/rtools40/mingw64/bin/../lib/gcc/x86_64-w64-mingw32/8.3.0/../../../../x86_64-w64-mingw32/bin/ld.exe: gsl.o:gsl.cpp:(.text+0x7fc5): undefined reference to `gsl_vector_complex_free'
     D:/Compiler/rtools40/mingw64/bin/../lib/gcc/x86_64-w64-mingw32/8.3.0/../../../../x86_64-w64-mingw32/bin/ld.exe: gsl.o:gsl.cpp:(.text+0x7fe1): undefined reference to `gsl_vector_ushort_free'
     D:/Compiler/rtools40/mingw64/bin/../lib/gcc/x86_64-w64-mingw32/8.3.0/../../../../x86_64-w64-mingw32/bin/ld.exe: gsl.o:gsl.cpp:(.text+0x7ffd): undefined reference to `gsl_vector_uint_free'
     D:/Compiler/rtools40/mingw64/bin/../lib/gcc/x86_64-w64-mingw32/8.3.0/../../../../x86_64-w64-mingw32/bin/ld.exe: gsl.o:gsl.cpp:(.text+0x8019): undefined reference to `gsl_vector_uchar_free'
     D:/Compiler/rtools40/mingw64/bin/../lib/gcc/x86_64-w64-mingw32/8.3.0/../../../../x86_64-w64-mingw32/bin/ld.exe: gsl.o:gsl.cpp:(.text+0x8035): undefined reference to `gsl_vector_short_free'
     D:/Compiler/rtools40/mingw64/bin/../lib/gcc/x86_64-w64-mingw32/8.3.0/../../../../x86_64-w64-mingw32/bin/ld.exe: gsl.o:gsl.cpp:(.text+0x8051): undefined reference to `gsl_vector_long_double_free'
     D:/Compiler/rtools40/mingw64/bin/../lib/gcc/x86_64-w64-mingw32/8.3.0/../../../../x86_64-w64-mingw32/bin/ld.exe: gsl.o:gsl.cpp:(.text+0x806d): undefined reference to `gsl_vector_char_free'
     D:/Compiler/rtools40/mingw64/bin/../lib/gcc/x86_64-w64-mingw32/8.3.0/../../../../x86_64-w64-mingw32/bin/ld.exe: gsl.o:gsl.cpp:(.text+0x8089): undefined reference to `gsl_vector_int_free'
     D:/Compiler/rtools40/mingw64/bin/../lib/gcc/x86_64-w64-mingw32/8.3.0/../../../../x86_64-w64-mingw32/bin/ld.exe: gsl.o:gsl.cpp:(.text+0x80a5): undefined reference to `gsl_vector_float_free'
     D:/Compiler/rtools40/mingw64/bin/../lib/gcc/x86_64-w64-mingw32/8.3.0/../../../../x86_64-w64-mingw32/bin/ld.exe: gsl.o:gsl.cpp:(.text.unlikely+0x15): undefined reference to `gsl_vector_free'
     D:/Compiler/rtools40/mingw64/bin/../lib/gcc/x86_64-w64-mingw32/8.3.0/../../../../x86_64-w64-mingw32/bin/ld.exe: gsl.o:gsl.cpp:(.text.unlikely+0x3f): undefined reference to `gsl_matrix_free'
     collect2.exe: error: ld returned 1 exit status
     make[1]: Entering directory '/d/temp/RtmpkB0Utz/sourceCpp-x86_64-w64-mingw32-1.0.4/sourcecpp_da8425f476ef'
     d:/Compiler/rtools40/mingw64/bin/g++ -std=gnu++11 -I"D:/RCompile/recent/R4/include" -DNDEBUG -I/include -I"D:/temp/Rtmp4mLPrv/RLIBS_8f9c364f75eb/Rcpp/include" -I"D:/temp/Rtmp4mLPrv/RLIBS_8f9c364f75eb/RcppGSL/include" -I"D:/temp/Rtmp4mLPrv/RLIBS_8f9c364f75eb/RcppGSL/tinytest/cpp" -I"d:/Compiler/gcc-4.9.3/local330/include" -pedantic -O2 -Wall -mfpmath=sse -msse2 -mstackrealign -c gsl.cpp -o gsl.o
     d:/Compiler/rtools40/mingw64/bin/g++ -std=gnu++11 -shared -s -static-libgcc -o sourceCpp_2.dll tmp.def gsl.o -Ld:/Compiler/gcc-4.9.3/local330/lib/x64 -Ld:/Compiler/gcc-4.9.3/local330/lib -LD:/RCompile/recent/R4/bin/x64 -lR
     make[1]: Leaving directory '/d/temp/RtmpkB0Utz/sourceCpp-x86_64-w64-mingw32-1.0.4/sourcecpp_da8425f476ef'
     make[1]: Entering directory '/d/temp/RtmpkB0Utz/sourceCpp-x86_64-w64-mingw32-1.0.4/sourcecpp_da8425f476ef'
     make[1]: Leaving directory '/d/temp/RtmpkB0Utz/sourceCpp-x86_64-w64-mingw32-1.0.4/sourcecpp_da8425f476ef'
     Error in checkForRemoteErrors(val) :
     one node produced an error: Error occurred building shared library.
     Calls: <Anonymous> ... clusterApply -> staticClusterApply -> checkForRemoteErrors
     Execution halted
Flavor: r-devel-windows-ix86+x86_64-gcc8