CRAN Package Check Results for Package RcppEigenAD

Last updated on 2021-04-15 09:50:12 CEST.

Flavor Version Tinstall Tcheck Ttotal Status Flags
r-devel-linux-x86_64-debian-clang 1.0.0 28.89 39.40 68.29 OK
r-devel-linux-x86_64-debian-gcc 1.0.0 18.75 30.86 49.61 OK
r-devel-linux-x86_64-fedora-clang 1.0.0 95.08 NOTE
r-devel-linux-x86_64-fedora-gcc 1.0.0 78.16 NOTE
r-devel-windows-ix86+x86_64 1.0.0 67.00 89.00 156.00 OK
r-devel-windows-x86_64-gcc10-UCRT 1.0.0 NOTE
r-patched-linux-x86_64 1.0.0 19.97 37.14 57.11 OK
r-patched-solaris-x86 1.0.0 95.60 NOTE
r-release-linux-x86_64 1.0.0 20.05 37.52 57.57 OK
r-release-macos-x86_64 1.0.0 NOTE
r-release-windows-ix86+x86_64 1.0.0 78.00 96.00 174.00 OK
r-oldrel-macos-x86_64 1.0.0 NOTE
r-oldrel-windows-ix86+x86_64 1.0.0 57.00 60.00 117.00 OK

Check Details

Version: 1.0.0
Check: dependencies in R code
Result: NOTE
    Namespace in Imports field not imported from: ‘RcppEigen’
     All declared Imports should be used.
Flavors: r-devel-linux-x86_64-fedora-clang, r-devel-linux-x86_64-fedora-gcc, r-devel-windows-x86_64-gcc10-UCRT, r-patched-solaris-x86, r-release-macos-x86_64, r-oldrel-macos-x86_64